{"id":3125,"date":"2018-06-22T21:11:40","date_gmt":"2018-06-22T19:11:40","guid":{"rendered":"http:\/\/shop.mittgard.de\/?product=import-placeholder-for-3449"},"modified":"2024-12-16T10:26:32","modified_gmt":"2024-12-16T09:26:32","slug":"uebel-burig-roemische-spiele","status":"publish","type":"product","link":"https:\/\/shop.mittgard.de\/?product=uebel-burig-roemische-spiele","title":{"rendered":"Uebel\/Burig &#8222;R\u00f6mische Spiele&#8220;"},"content":{"rendered":"<p>Die Spielleidenschaft der R\u00f6mer, ob jung oder alt, kannte keine Grenzen. Und sie ist heute noch ansteckend. 70 Spiele mit dem Ball, mit N\u00fcssen oder Steinen und mit W\u00fcrfeln, Brettspiele, Lauf- und Fangspiele sind in diesem Buch aufgef\u00fchrt, allesamt problemlos nachzuspielen.<\/p>\n<p>Gebundene Ausgabe, 128 Seiten<\/p>\n<p>&nbsp;<\/p>\n","protected":false},"excerpt":{"rendered":"<p>HC<\/p>\n","protected":false},"featured_media":23882,"template":"","meta":[],"product_brand":[],"product_cat":[197,185],"product_tag":[252,314,392],"class_list":{"0":"post-3125","1":"product","2":"type-product","3":"status-publish","4":"has-post-thumbnail","6":"product_cat-kinderbuecher","7":"product_cat-literatur","8":"product_tag-kinder","9":"product_tag-roemer","10":"product_tag-spiele","11":"product_shipping_class-paket","13":"first","14":"instock","15":"taxable","16":"shipping-taxable","17":"purchasable","18":"product-type-simple"},"_links":{"self":[{"href":"https:\/\/shop.mittgard.de\/index.php?rest_route=\/wp\/v2\/product\/3125","targetHints":{"allow":["GET"]}}],"collection":[{"href":"https:\/\/shop.mittgard.de\/index.php?rest_route=\/wp\/v2\/product"}],"about":[{"href":"https:\/\/shop.mittgard.de\/index.php?rest_route=\/wp\/v2\/types\/product"}],"wp:featuredmedia":[{"embeddable":true,"href":"https:\/\/shop.mittgard.de\/index.php?rest_route=\/wp\/v2\/media\/23882"}],"wp:attachment":[{"href":"https:\/\/shop.mittgard.de\/index.php?rest_route=%2Fwp%2Fv2%2Fmedia&parent=3125"}],"wp:term":[{"taxonomy":"product_brand","embeddable":true,"href":"https:\/\/shop.mittgard.de\/index.php?rest_route=%2Fwp%2Fv2%2Fproduct_brand&post=3125"},{"taxonomy":"product_cat","embeddable":true,"href":"https:\/\/shop.mittgard.de\/index.php?rest_route=%2Fwp%2Fv2%2Fproduct_cat&post=3125"},{"taxonomy":"product_tag","embeddable":true,"href":"https:\/\/shop.mittgard.de\/index.php?rest_route=%2Fwp%2Fv2%2Fproduct_tag&post=3125"}],"curies":[{"name":"wp","href":"https:\/\/api.w.org\/{rel}","templated":true}]}}