{"id":3142,"date":"2018-06-22T21:11:48","date_gmt":"2018-06-22T19:11:48","guid":{"rendered":"http:\/\/shop.mittgard.de\/?product=import-placeholder-for-3466"},"modified":"2026-03-19T12:40:51","modified_gmt":"2026-03-19T11:40:51","slug":"diverse-skal","status":"publish","type":"product","link":"https:\/\/shop.mittgard.de\/?product=diverse-skal","title":{"rendered":"Diverse &#8222;Skal!&#8220;"},"content":{"rendered":"<p>Alte Trinkspr\u00fcche und Sauflieder<\/p>\n<p>Skal! Zum Wohl!<\/p>\n<p>Der Tag ist vorbei, die Schlacht geschlagen, die Krieger sitzen am Feuer, sammeln ihre Kr\u00e4fte f\u00fcr den n\u00e4chsten Tag oder feiern den Sieg. Ein Krieger ruft das Wort Skal! In die Runde, das oftmals und laut erwidert wird, und spricht dann aber ernst:<\/p>\n<p>Leeret mit Andacht das Horn<br \/>\nden Met, der den G\u00f6ttern entstammt<br \/>\nwer redet vorschnell im Zorn<br \/>\nder trinke, bis Weisheit entflammt<\/p>\n<p>Dieses Buch vereint einzigartig alte Trinkspr\u00fcche, Sauflieder, aber auch Weisen, die in fr\u00fcheren Zeiten bei gemeinsamen Trinken gerufen oder gesungen wurden. Es legt einen Schwerpunkt auf die Nordm\u00e4nner, f\u00fchrt aber auch Spr\u00fcche und Lieder aus der Antike, dem Mittelalter und der fr\u00fcheren Neuzeit auf.<\/p>\n<p>Dieses Buch entf\u00fchrt in vergangene Zeiten, gibt Einblick in das Denken, zeigt den Stolz der Feiernden oder ganz einfach die Lust auf Met, Bier und Wein. In ihm finden sich ebenfalls Ausz\u00fcge aus den klassischen Werken, die die Trinkenden sich wohl im Lager vorgesungen haben mochten.<\/p>\n<p>Skal! ist zum Gl\u00fcck keine wissenschaftliche Abhandlung, sondern ein unterhaltsames Werk, gedacht nur zu einem Zweck: Laune zu machen. Skal! ist ein idealer Begleiter f\u00fcr den n\u00e4chsten feucht-fr\u00f6hlichen Abend, gibt jedoch beim gem\u00fctlichen Schm\u00f6kern auch Einblicke in den Alltag fr\u00fcherer Kulturen.<\/p>\n<p>Gebundene Ausgabe, 128 Seiten<\/p>\n","protected":false},"excerpt":{"rendered":"<p>HC<\/p>\n","protected":false},"featured_media":10819,"template":"","meta":[],"product_brand":[],"product_cat":[185,199],"product_tag":[401,400,236,311],"class_list":{"0":"post-3142","1":"product","2":"type-product","3":"status-publish","4":"has-post-thumbnail","6":"product_cat-literatur","7":"product_cat-musik","8":"product_tag-gedichte","9":"product_tag-lieder","10":"product_tag-mittelalter","11":"product_tag-wikinger","12":"product_shipping_class-paket","14":"first","15":"instock","16":"taxable","17":"shipping-taxable","18":"purchasable","19":"product-type-simple"},"_links":{"self":[{"href":"https:\/\/shop.mittgard.de\/index.php?rest_route=\/wp\/v2\/product\/3142","targetHints":{"allow":["GET"]}}],"collection":[{"href":"https:\/\/shop.mittgard.de\/index.php?rest_route=\/wp\/v2\/product"}],"about":[{"href":"https:\/\/shop.mittgard.de\/index.php?rest_route=\/wp\/v2\/types\/product"}],"wp:featuredmedia":[{"embeddable":true,"href":"https:\/\/shop.mittgard.de\/index.php?rest_route=\/wp\/v2\/media\/10819"}],"wp:attachment":[{"href":"https:\/\/shop.mittgard.de\/index.php?rest_route=%2Fwp%2Fv2%2Fmedia&parent=3142"}],"wp:term":[{"taxonomy":"product_brand","embeddable":true,"href":"https:\/\/shop.mittgard.de\/index.php?rest_route=%2Fwp%2Fv2%2Fproduct_brand&post=3142"},{"taxonomy":"product_cat","embeddable":true,"href":"https:\/\/shop.mittgard.de\/index.php?rest_route=%2Fwp%2Fv2%2Fproduct_cat&post=3142"},{"taxonomy":"product_tag","embeddable":true,"href":"https:\/\/shop.mittgard.de\/index.php?rest_route=%2Fwp%2Fv2%2Fproduct_tag&post=3142"}],"curies":[{"name":"wp","href":"https:\/\/api.w.org\/{rel}","templated":true}]}}