{"id":3197,"date":"2018-06-22T21:12:05","date_gmt":"2018-06-22T19:12:05","guid":{"rendered":"http:\/\/shop.mittgard.de\/?product=import-placeholder-for-3521"},"modified":"2024-12-16T11:13:45","modified_gmt":"2024-12-16T10:13:45","slug":"ritter-claudia-schlafmohn-engelwurz-und-aphrodites-quitten","status":"publish","type":"product","link":"https:\/\/shop.mittgard.de\/?product=ritter-claudia-schlafmohn-engelwurz-und-aphrodites-quitten","title":{"rendered":"Ritter, Claudia &#8222;Schlafmohn, Engelwurz und Aphrodites Quitten&#8220;"},"content":{"rendered":"<p>Heil-Pflanzen und ihre Kr\u00e4fte<\/p>\n<p>\u2022 50 Pflanzen und ihre Heilwirkung!<br \/>\n\u2022 Mit mehr als 200 Rezepten<br \/>\n\u2022 Naturheilkunde, Hom\u00f6opathie, Aromatherapie, Wellness und Kosmetik<\/p>\n<p>Alle 50 Heilpflanzen dieses Buches wurden keltischen und germanischen oder griechisch-r\u00f6mischen G\u00f6ttern und G\u00f6ttinnen, teilweise aber auch christlichen Heiligen zugeordnet. Uraltes Heilwissen offenbart sich darin und soll allen Leserinnen und Lesern zug\u00e4ngig gemacht werden. Der Schwerpunkt des Buches liegt auf den praktischen Anwendungen der Pflanzen in den Bereichen Naturheilkunde und Hom\u00f6opathie, Wellness und Kosmetik sowie im \u201eBehandlungsraum K\u00fcche\u201c: So werden nicht nur Tees und Tinkturen, Cremen und Badezus\u00e4tze bereitet, schon allein der regelm\u00e4\u00dfige Verzehr der verschiedenen Heilpflanzen hilft uns dabei, gesund zu bleiben! Mit vielen Rezepten!<\/p>\n<p>Gebundene Ausgabe, 160 Seiten<\/p>\n","protected":false},"excerpt":{"rendered":"<p>HC<\/p>\n","protected":false},"featured_media":15818,"template":"","meta":[],"product_brand":[],"product_cat":[185,201],"product_tag":[374,366,356,405,406],"class_list":{"0":"post-3197","1":"product","2":"type-product","3":"status-publish","4":"has-post-thumbnail","6":"product_cat-literatur","7":"product_cat-naturheilkunde-kraeuterwissen","8":"product_tag-heilkunde","9":"product_tag-kraeuter","10":"product_tag-mythologie","11":"product_tag-psychoaktiv","12":"product_tag-rezepte","13":"product_shipping_class-paket","15":"first","16":"onbackorder","17":"taxable","18":"shipping-taxable","19":"purchasable","20":"product-type-simple"},"_links":{"self":[{"href":"https:\/\/shop.mittgard.de\/index.php?rest_route=\/wp\/v2\/product\/3197","targetHints":{"allow":["GET"]}}],"collection":[{"href":"https:\/\/shop.mittgard.de\/index.php?rest_route=\/wp\/v2\/product"}],"about":[{"href":"https:\/\/shop.mittgard.de\/index.php?rest_route=\/wp\/v2\/types\/product"}],"wp:featuredmedia":[{"embeddable":true,"href":"https:\/\/shop.mittgard.de\/index.php?rest_route=\/wp\/v2\/media\/15818"}],"wp:attachment":[{"href":"https:\/\/shop.mittgard.de\/index.php?rest_route=%2Fwp%2Fv2%2Fmedia&parent=3197"}],"wp:term":[{"taxonomy":"product_brand","embeddable":true,"href":"https:\/\/shop.mittgard.de\/index.php?rest_route=%2Fwp%2Fv2%2Fproduct_brand&post=3197"},{"taxonomy":"product_cat","embeddable":true,"href":"https:\/\/shop.mittgard.de\/index.php?rest_route=%2Fwp%2Fv2%2Fproduct_cat&post=3197"},{"taxonomy":"product_tag","embeddable":true,"href":"https:\/\/shop.mittgard.de\/index.php?rest_route=%2Fwp%2Fv2%2Fproduct_tag&post=3197"}],"curies":[{"name":"wp","href":"https:\/\/api.w.org\/{rel}","templated":true}]}}