{"id":3210,"date":"2018-06-22T21:12:07","date_gmt":"2018-06-22T19:12:07","guid":{"rendered":"http:\/\/shop.mittgard.de\/?product=import-placeholder-for-3534"},"modified":"2024-12-16T11:17:42","modified_gmt":"2024-12-16T10:17:42","slug":"stumpf-ursula-pflanzengoettinnen-und-ihre-heilkraeuter","status":"publish","type":"product","link":"https:\/\/shop.mittgard.de\/?product=stumpf-ursula-pflanzengoettinnen-und-ihre-heilkraeuter","title":{"rendered":"Stumpf, Ursula &#8222;Pflanzeng\u00f6ttinnen und ihre Heilkr\u00e4uter&#8220;"},"content":{"rendered":"<p>Naturkraft sch\u00f6pfen, Heilwissen nutzen<\/p>\n<p>Die Heilkraft der Natur im Jahreslauf<\/p>\n<p>Menschen naturnaher Kulturen erkannten in der Urkraft der Vegetation immer die Wirkung g\u00f6ttlicher Wesen: Es waren meist weise Frauen und Heilerinnen, die sich mit Pflanzen-G\u00f6ttinnen verbanden, sie verehrten und mit ihnen im Rhythmus der Jahreszeiten lebten. So entstand ein unsch\u00e4tzbares Wissen, eine Jahrhunderte alte Weisheit \u00fcber die Heilkraft der Natur.<\/p>\n<p>&#8211; Das pers\u00f6nliche Buch von Ursula Stumpf, der bekannten Fachfrau f\u00fcr Kr\u00e4uter-Heilkunde und Pflanzen-Kinesiologie<\/p>\n<p>&#8211; Auf den Spuren von zw\u00f6lf G\u00f6ttinnen: Skadi, Brigid, Ostara, Blodeuweed, Flora, Freya, Artemis, Amaterasu, Holle, Ceres, Ceridween, Perchta &#8211; und ihre Lieblingspflanzen.<\/p>\n<p>&#8211; Heilkraft von 46 heimischen Pflanzen, die wir von Januar bis Dezember entdecken und nutzen k\u00f6nnen<\/p>\n<p>&#8211; Mit zahlreichen Anwendungen und Rezepten<\/p>\n<p>Ursula Stumpf ist gelernte Pharmazeutin und Heilpraktikerin und sch\u00f6pft aus dem Erfahrungswissen von \u00fcber 20 Jahren eigener Heilpraxis. Sie macht die Weisheit der alten Mythologien lebendig und entwickelt daraus angewandte Kr\u00e4uterkunde f\u00fcr die Bed\u00fcrfnisse der heutigen Zeit. Dabei ist sie inspiriert von den immer w\u00e4hrenden Naturkr\u00e4ften und f\u00fchrt uns zum Urbild der gro\u00dfen Vegetationsg\u00f6ttin.<\/p>\n<p>Gebundene Ausgabe, 192 Seiten<\/p>\n","protected":false},"excerpt":{"rendered":"<p>HC<\/p>\n","protected":false},"featured_media":23700,"template":"","meta":[],"product_brand":[],"product_cat":[185,201],"product_tag":[351,374,366,356],"class_list":{"0":"post-3210","1":"product","2":"type-product","3":"status-publish","4":"has-post-thumbnail","6":"product_cat-literatur","7":"product_cat-naturheilkunde-kraeuterwissen","8":"product_tag-goetter","9":"product_tag-heilkunde","10":"product_tag-kraeuter","11":"product_tag-mythologie","12":"product_shipping_class-paket","14":"first","15":"onbackorder","16":"taxable","17":"shipping-taxable","18":"purchasable","19":"product-type-simple"},"_links":{"self":[{"href":"https:\/\/shop.mittgard.de\/index.php?rest_route=\/wp\/v2\/product\/3210","targetHints":{"allow":["GET"]}}],"collection":[{"href":"https:\/\/shop.mittgard.de\/index.php?rest_route=\/wp\/v2\/product"}],"about":[{"href":"https:\/\/shop.mittgard.de\/index.php?rest_route=\/wp\/v2\/types\/product"}],"wp:featuredmedia":[{"embeddable":true,"href":"https:\/\/shop.mittgard.de\/index.php?rest_route=\/wp\/v2\/media\/23700"}],"wp:attachment":[{"href":"https:\/\/shop.mittgard.de\/index.php?rest_route=%2Fwp%2Fv2%2Fmedia&parent=3210"}],"wp:term":[{"taxonomy":"product_brand","embeddable":true,"href":"https:\/\/shop.mittgard.de\/index.php?rest_route=%2Fwp%2Fv2%2Fproduct_brand&post=3210"},{"taxonomy":"product_cat","embeddable":true,"href":"https:\/\/shop.mittgard.de\/index.php?rest_route=%2Fwp%2Fv2%2Fproduct_cat&post=3210"},{"taxonomy":"product_tag","embeddable":true,"href":"https:\/\/shop.mittgard.de\/index.php?rest_route=%2Fwp%2Fv2%2Fproduct_tag&post=3210"}],"curies":[{"name":"wp","href":"https:\/\/api.w.org\/{rel}","templated":true}]}}