{"id":3398,"date":"2018-07-14T12:15:59","date_gmt":"2018-07-14T10:15:59","guid":{"rendered":"http:\/\/shop.mittgard.de\/?product=import-placeholder-for-3460"},"modified":"2024-12-16T13:15:06","modified_gmt":"2024-12-16T12:15:06","slug":"ranke-rippchenroland-das-boese-bibel-buch","status":"publish","type":"product","link":"https:\/\/shop.mittgard.de\/?product=ranke-rippchenroland-das-boese-bibel-buch","title":{"rendered":"Ranke-Rippchen, Roland&#8220;Das B\u00f6se Bibel Buch&#8220;"},"content":{"rendered":"<p>Zeugen Jehovas oder andere Missionare werden nie wieder bei Euch klingeln. wenn ihr mit diesem Buch kontert!<\/p>\n<p>Nehmen wir einmal Gott beim Wort.<\/p>\n<p>Was sagt ER uns durch die Bibel zu:<\/p>\n<p>&#8211; Inzucht<br \/>\n&#8211; Homosexualit\u00e4t<br \/>\n&#8211; Abtreibung<br \/>\n&#8211; Leihm\u00fcttern<br \/>\n&#8211; Frauenraub<br \/>\n&#8211; Skatologie<br \/>\n&#8211; Onanie<br \/>\n&#8211; Empf\u00e4ngnisverh\u00fctung<br \/>\n&#8211; Vergewaltigung<br \/>\n&#8211; Sodomie<br \/>\n&#8211; Drogen<br \/>\n&#8211; Prostitution<\/p>\n<p>und \u00e4hnlichen Themen?<\/p>\n<p>Warum (&amp; wie &amp; wo) diskriminiert ER Frauen, Ausl\u00e4nder, Behinderte?<\/p>\n<p>Woher nehmen sich die Kirchen heute das Recht auf Kirchensteuer, Dogmen, P\u00e4pste, das Z\u00f6libat, das Fegefeuer etc.?<\/p>\n<p>In diesem Buch sind die einschl\u00e4gigen Kommentare gesammelt und mit Kommentaren und Interpretationshilfen versehen. Au\u00dferdem macht sich der Autor Gedanken \u00fcber die Auswirkungen des Wortes Gottes auf unser Leben, das der Atheisten und Andersgl\u00e4ubigen wird ja ebenfalls direkt betroffen. Staat und Kirche, Moraltheologie, Kirchensteuer, Kruzifixe in \u00f6ffentlichen Geb\u00e4uden, Taufe Unm\u00fcndiger&#8230;<\/p>\n<p>Der Autor ist weder Theologe noch Atheist, sondern ein verwunderter, respektloser Heide.<\/p>\n<p>Broschiert, 142 Seiten<\/p>\n","protected":false},"excerpt":{"rendered":"<p>Br<\/p>\n","protected":false},"featured_media":4231,"template":"","meta":[],"product_brand":[],"product_cat":[185,211],"product_tag":[438,334],"class_list":{"0":"post-3398","1":"product","2":"type-product","3":"status-publish","4":"has-post-thumbnail","6":"product_cat-literatur","7":"product_cat-sachbuch-lexika","8":"product_tag-bibel","9":"product_tag-christentum","10":"product_shipping_class-paket","12":"first","13":"onbackorder","14":"taxable","15":"shipping-taxable","16":"purchasable","17":"product-type-simple"},"_links":{"self":[{"href":"https:\/\/shop.mittgard.de\/index.php?rest_route=\/wp\/v2\/product\/3398","targetHints":{"allow":["GET"]}}],"collection":[{"href":"https:\/\/shop.mittgard.de\/index.php?rest_route=\/wp\/v2\/product"}],"about":[{"href":"https:\/\/shop.mittgard.de\/index.php?rest_route=\/wp\/v2\/types\/product"}],"wp:featuredmedia":[{"embeddable":true,"href":"https:\/\/shop.mittgard.de\/index.php?rest_route=\/wp\/v2\/media\/4231"}],"wp:attachment":[{"href":"https:\/\/shop.mittgard.de\/index.php?rest_route=%2Fwp%2Fv2%2Fmedia&parent=3398"}],"wp:term":[{"taxonomy":"product_brand","embeddable":true,"href":"https:\/\/shop.mittgard.de\/index.php?rest_route=%2Fwp%2Fv2%2Fproduct_brand&post=3398"},{"taxonomy":"product_cat","embeddable":true,"href":"https:\/\/shop.mittgard.de\/index.php?rest_route=%2Fwp%2Fv2%2Fproduct_cat&post=3398"},{"taxonomy":"product_tag","embeddable":true,"href":"https:\/\/shop.mittgard.de\/index.php?rest_route=%2Fwp%2Fv2%2Fproduct_tag&post=3398"}],"curies":[{"name":"wp","href":"https:\/\/api.w.org\/{rel}","templated":true}]}}