{"id":3507,"date":"2018-07-14T12:16:32","date_gmt":"2018-07-14T10:16:32","guid":{"rendered":"http:\/\/shop.mittgard.de\/?product=import-placeholder-for-3569"},"modified":"2025-12-01T16:51:55","modified_gmt":"2025-12-01T15:51:55","slug":"ackermann-erich-maerchen-des-mittelalters","status":"publish","type":"product","link":"https:\/\/shop.mittgard.de\/?product=ackermann-erich-maerchen-des-mittelalters","title":{"rendered":"Ackermann, Erich &#8222;M\u00e4rchen des Mittelalters&#8220;"},"content":{"rendered":"<p>Das Mittelalter war keineswegs eine so dunkle Epoche, wie lange vermutet wurde, sondern in vielerlei Hinsicht eine \u00fcberreiche Zeit: St\u00e4dte wurden gegr\u00fcndet, die Architektur strebte neuen H\u00f6hen entgegen, und die Kunst entwickelte immer elaboriertere Ausdrucksformen. Zwischen Kathedralenbau und prunkvollen Hofgelagen hatte auch das M\u00e4rchenhafte seinen Platz, und viele Motive der europ\u00e4ischen M\u00e4rchentradition lassen sich bis in diese Zeit zur\u00fcckverfolgen. Die vorliegende Sammlung vereint die reizvollsten und typischsten Beispiele mittelalterlicher M\u00e4rchenkunst.<\/p>\n<p>Gebundene Ausgabe, 190 Seiten<\/p>\n","protected":false},"excerpt":{"rendered":"<p>Geb<\/p>\n","protected":false},"featured_media":26752,"template":"","meta":[],"product_brand":[],"product_cat":[185,213],"product_tag":[236,338],"class_list":{"0":"post-3507","1":"product","2":"type-product","3":"status-publish","4":"has-post-thumbnail","6":"product_cat-literatur","7":"product_cat-maerchen","8":"product_tag-mittelalter","9":"product_tag-ritter","10":"product_shipping_class-paket","12":"first","13":"instock","14":"taxable","15":"shipping-taxable","16":"purchasable","17":"product-type-simple"},"_links":{"self":[{"href":"https:\/\/shop.mittgard.de\/index.php?rest_route=\/wp\/v2\/product\/3507","targetHints":{"allow":["GET"]}}],"collection":[{"href":"https:\/\/shop.mittgard.de\/index.php?rest_route=\/wp\/v2\/product"}],"about":[{"href":"https:\/\/shop.mittgard.de\/index.php?rest_route=\/wp\/v2\/types\/product"}],"wp:featuredmedia":[{"embeddable":true,"href":"https:\/\/shop.mittgard.de\/index.php?rest_route=\/wp\/v2\/media\/26752"}],"wp:attachment":[{"href":"https:\/\/shop.mittgard.de\/index.php?rest_route=%2Fwp%2Fv2%2Fmedia&parent=3507"}],"wp:term":[{"taxonomy":"product_brand","embeddable":true,"href":"https:\/\/shop.mittgard.de\/index.php?rest_route=%2Fwp%2Fv2%2Fproduct_brand&post=3507"},{"taxonomy":"product_cat","embeddable":true,"href":"https:\/\/shop.mittgard.de\/index.php?rest_route=%2Fwp%2Fv2%2Fproduct_cat&post=3507"},{"taxonomy":"product_tag","embeddable":true,"href":"https:\/\/shop.mittgard.de\/index.php?rest_route=%2Fwp%2Fv2%2Fproduct_tag&post=3507"}],"curies":[{"name":"wp","href":"https:\/\/api.w.org\/{rel}","templated":true}]}}