{"id":4345,"date":"2018-09-16T13:44:29","date_gmt":"2018-09-16T11:44:29","guid":{"rendered":"http:\/\/shop.mittgard.de\/?product=import-placeholder-for-4326"},"modified":"2024-12-13T14:35:19","modified_gmt":"2024-12-13T13:35:19","slug":"thorshammer-04-3","status":"publish","type":"product","link":"https:\/\/shop.mittgard.de\/?product=thorshammer-04-3","title":{"rendered":"Wolfskreuz klein Bronze"},"content":{"rendered":"<p>Das isl\u00e4ndische Wolfskreuz vereint den Thorshammer mit dem christlichen Kreuz<\/p>\n<p>Gr\u00f6\u00dfe 2,1 x 3,3 cm, Schmuckbronze<\/p>\n<p>inklusive Lederband<\/p>\n","protected":false},"excerpt":{"rendered":"<p>Das isl\u00e4ndische Wolfskreuz vereint den Thorshammer mit dem christlichen Kreuz Gr\u00f6\u00dfe 2,1 x 3,3 cm, Schmuckbronze inklusive Lederband<\/p>\n","protected":false},"featured_media":7330,"template":"","meta":[],"product_brand":[],"product_cat":[455,473],"product_tag":[472,357,740,775],"class_list":{"0":"post-4345","1":"product","2":"type-product","3":"status-publish","4":"has-post-thumbnail","6":"product_cat-schmuck","7":"product_cat-thorshammer","8":"product_tag-bronze","9":"product_tag-island","10":"product_tag-kreuz","11":"product_tag-thorshammer","12":"product_shipping_class-brief","14":"first","15":"onbackorder","16":"taxable","17":"shipping-taxable","18":"purchasable","19":"product-type-simple"},"_links":{"self":[{"href":"https:\/\/shop.mittgard.de\/index.php?rest_route=\/wp\/v2\/product\/4345","targetHints":{"allow":["GET"]}}],"collection":[{"href":"https:\/\/shop.mittgard.de\/index.php?rest_route=\/wp\/v2\/product"}],"about":[{"href":"https:\/\/shop.mittgard.de\/index.php?rest_route=\/wp\/v2\/types\/product"}],"wp:featuredmedia":[{"embeddable":true,"href":"https:\/\/shop.mittgard.de\/index.php?rest_route=\/wp\/v2\/media\/7330"}],"wp:attachment":[{"href":"https:\/\/shop.mittgard.de\/index.php?rest_route=%2Fwp%2Fv2%2Fmedia&parent=4345"}],"wp:term":[{"taxonomy":"product_brand","embeddable":true,"href":"https:\/\/shop.mittgard.de\/index.php?rest_route=%2Fwp%2Fv2%2Fproduct_brand&post=4345"},{"taxonomy":"product_cat","embeddable":true,"href":"https:\/\/shop.mittgard.de\/index.php?rest_route=%2Fwp%2Fv2%2Fproduct_cat&post=4345"},{"taxonomy":"product_tag","embeddable":true,"href":"https:\/\/shop.mittgard.de\/index.php?rest_route=%2Fwp%2Fv2%2Fproduct_tag&post=4345"}],"curies":[{"name":"wp","href":"https:\/\/api.w.org\/{rel}","templated":true}]}}