{"id":4473,"date":"2018-09-16T13:45:19","date_gmt":"2018-09-16T11:45:19","guid":{"rendered":"http:\/\/shop.mittgard.de\/?product=import-placeholder-for-4454"},"modified":"2025-04-22T12:20:06","modified_gmt":"2025-04-22T10:20:06","slug":"brosche-munin","status":"publish","type":"product","link":"https:\/\/shop.mittgard.de\/?product=brosche-munin","title":{"rendered":"Rabenfibel &#8222;Hugin&#8220; Bronze"},"content":{"rendered":"<p>Nachbildung eines Originalfundes aus der sp\u00e4tgermanischen Eisenzeit aus Uppakra, Schweden;\u00a0 650 &#8211; 700 n.0<\/p>\n<p>Gr\u00f6\u00dfe 5,00 x 1,8 cm<\/p>\n<p>unter dem Rabenschnabel ist eine \u00d6se f\u00fcr Schmuckketten angebracht<\/p>\n","protected":false},"excerpt":{"rendered":"<p>Nachbildung eines Originalfundes aus der sp\u00e4tgermanischen Eisenzeit aus Uppakra, Schweden;\u00a0 650 &#8211; 700 n.0 Gr\u00f6\u00dfe 5,00 x 1,8 cm unter dem Rabenschnabel ist eine \u00d6se f\u00fcr Schmuckketten angebracht<\/p>\n","protected":false},"featured_media":7388,"template":"","meta":[],"product_brand":[],"product_cat":[475,455],"product_tag":[472,358,762,686],"class_list":{"0":"post-4473","1":"product","2":"type-product","3":"status-publish","4":"has-post-thumbnail","6":"product_cat-fibeln","7":"product_cat-schmuck","8":"product_tag-bronze","9":"product_tag-odin","10":"product_tag-rabe","11":"product_tag-schliesse","12":"product_shipping_class-brief","14":"first","15":"onbackorder","16":"taxable","17":"shipping-taxable","18":"purchasable","19":"product-type-simple"},"_links":{"self":[{"href":"https:\/\/shop.mittgard.de\/index.php?rest_route=\/wp\/v2\/product\/4473","targetHints":{"allow":["GET"]}}],"collection":[{"href":"https:\/\/shop.mittgard.de\/index.php?rest_route=\/wp\/v2\/product"}],"about":[{"href":"https:\/\/shop.mittgard.de\/index.php?rest_route=\/wp\/v2\/types\/product"}],"wp:featuredmedia":[{"embeddable":true,"href":"https:\/\/shop.mittgard.de\/index.php?rest_route=\/wp\/v2\/media\/7388"}],"wp:attachment":[{"href":"https:\/\/shop.mittgard.de\/index.php?rest_route=%2Fwp%2Fv2%2Fmedia&parent=4473"}],"wp:term":[{"taxonomy":"product_brand","embeddable":true,"href":"https:\/\/shop.mittgard.de\/index.php?rest_route=%2Fwp%2Fv2%2Fproduct_brand&post=4473"},{"taxonomy":"product_cat","embeddable":true,"href":"https:\/\/shop.mittgard.de\/index.php?rest_route=%2Fwp%2Fv2%2Fproduct_cat&post=4473"},{"taxonomy":"product_tag","embeddable":true,"href":"https:\/\/shop.mittgard.de\/index.php?rest_route=%2Fwp%2Fv2%2Fproduct_tag&post=4473"}],"curies":[{"name":"wp","href":"https:\/\/api.w.org\/{rel}","templated":true}]}}