{"id":4481,"date":"2018-09-16T13:45:20","date_gmt":"2018-09-16T11:45:20","guid":{"rendered":"http:\/\/shop.mittgard.de\/?product=import-placeholder-for-4462"},"modified":"2024-12-13T13:45:36","modified_gmt":"2024-12-13T12:45:36","slug":"ringfibel-2","status":"publish","type":"product","link":"https:\/\/shop.mittgard.de\/?product=ringfibel-2","title":{"rendered":"Ringfibel Urnes Bronze"},"content":{"rendered":"<p>verschn\u00f6rkelte Ringfibel im Urnesstil gefertigt nach einem Originalfund<\/p>\n<p>zum Verschlie\u00dfen leichter Umh\u00e4nge und Wollt\u00fccher<\/p>\n<p>Gr\u00f6\u00dfe \u00d8 4,5 cm<\/p>\n","protected":false},"excerpt":{"rendered":"<p>verschn\u00f6rkelte Ringfibel im Urnesstil gefertigt nach einem Originalfund zum Verschlie\u00dfen leichter Umh\u00e4nge und Wollt\u00fccher Gr\u00f6\u00dfe \u00d8 4,5 cm<\/p>\n","protected":false},"featured_media":7403,"template":"","meta":[],"product_brand":[],"product_cat":[475,455],"product_tag":[472,611,754],"class_list":{"0":"post-4481","1":"product","2":"type-product","3":"status-publish","4":"has-post-thumbnail","6":"product_cat-fibeln","7":"product_cat-schmuck","8":"product_tag-bronze","9":"product_tag-gewandschliesse","10":"product_tag-urnes","11":"product_shipping_class-brief","13":"first","14":"onbackorder","15":"taxable","16":"shipping-taxable","17":"purchasable","18":"product-type-simple"},"_links":{"self":[{"href":"https:\/\/shop.mittgard.de\/index.php?rest_route=\/wp\/v2\/product\/4481","targetHints":{"allow":["GET"]}}],"collection":[{"href":"https:\/\/shop.mittgard.de\/index.php?rest_route=\/wp\/v2\/product"}],"about":[{"href":"https:\/\/shop.mittgard.de\/index.php?rest_route=\/wp\/v2\/types\/product"}],"wp:featuredmedia":[{"embeddable":true,"href":"https:\/\/shop.mittgard.de\/index.php?rest_route=\/wp\/v2\/media\/7403"}],"wp:attachment":[{"href":"https:\/\/shop.mittgard.de\/index.php?rest_route=%2Fwp%2Fv2%2Fmedia&parent=4481"}],"wp:term":[{"taxonomy":"product_brand","embeddable":true,"href":"https:\/\/shop.mittgard.de\/index.php?rest_route=%2Fwp%2Fv2%2Fproduct_brand&post=4481"},{"taxonomy":"product_cat","embeddable":true,"href":"https:\/\/shop.mittgard.de\/index.php?rest_route=%2Fwp%2Fv2%2Fproduct_cat&post=4481"},{"taxonomy":"product_tag","embeddable":true,"href":"https:\/\/shop.mittgard.de\/index.php?rest_route=%2Fwp%2Fv2%2Fproduct_tag&post=4481"}],"curies":[{"name":"wp","href":"https:\/\/api.w.org\/{rel}","templated":true}]}}