{"id":4715,"date":"2018-10-03T10:48:59","date_gmt":"2018-10-03T08:48:59","guid":{"rendered":"http:\/\/shop.mittgard.de\/?post_type=product&#038;p=4715"},"modified":"2025-10-06T12:53:09","modified_gmt":"2025-10-06T10:53:09","slug":"mirja-dahlmann-die-althochdeutschen-zaubersprueche-zwischen-heidentum-und-christentum","status":"publish","type":"product","link":"https:\/\/shop.mittgard.de\/?product=mirja-dahlmann-die-althochdeutschen-zaubersprueche-zwischen-heidentum-und-christentum","title":{"rendered":"Dahlmann, Mirja &#8222;Die althochdeutschen Zauberspr\u00fcche zwischen Heidentum und Christentum&#8220;"},"content":{"rendered":"<p>\u201eB\u00ean z\u00ec b\u00eana, bluot z\u00ec bluoda, lid z\u00ec geliden, s\u00f4se gel\u00eemida s\u00een.\u201c<\/p>\n<p>Magie und im speziellen Zauberspr\u00fcche wurden \u00fcber Jahrhunderte hinweg als ad\u00e4quates Mittel angesehen, um Liebe zu gewinnen, Krankheiten zu heilen oder Haus und Hof vor Unheil zu bewahren.<\/p>\n<p>In der vorliegenden Arbeit erkl\u00e4rt die Autorin die magischen Grundprinzipien sowie die unterschiedlichen Zauberspruchformen. Im Mittelpunkt stehen die althochdeutschen Varianten, an denen der \u00dcbergang vom germanischen Heidentum zu einer christlich gepr\u00e4gten Gesellschaft anschaulich sichtbar wird.<\/p>\n<p>Besondere Aufmerksamkeit erf\u00e4hrt der zweite Merseburger Zauberspruch, ein Heilspruch, in dem der Gott Wodan eine tragende Rolle spielt.<\/p>\n<p>Broschiert, 180 Seiten<\/p>\n","protected":false},"excerpt":{"rendered":"<p>Br<\/p>\n","protected":false},"featured_media":4716,"template":"","meta":[],"product_brand":[],"product_cat":[193,185,198],"product_tag":[336,376],"class_list":{"0":"post-4715","1":"product","2":"type-product","3":"status-publish","4":"has-post-thumbnail","6":"product_cat-germanen","7":"product_cat-literatur","8":"product_cat-magie","9":"product_tag-germanen","10":"product_tag-magie","11":"product_shipping_class-paket","13":"first","14":"onbackorder","15":"taxable","16":"shipping-taxable","17":"purchasable","18":"product-type-simple"},"_links":{"self":[{"href":"https:\/\/shop.mittgard.de\/index.php?rest_route=\/wp\/v2\/product\/4715","targetHints":{"allow":["GET"]}}],"collection":[{"href":"https:\/\/shop.mittgard.de\/index.php?rest_route=\/wp\/v2\/product"}],"about":[{"href":"https:\/\/shop.mittgard.de\/index.php?rest_route=\/wp\/v2\/types\/product"}],"wp:featuredmedia":[{"embeddable":true,"href":"https:\/\/shop.mittgard.de\/index.php?rest_route=\/wp\/v2\/media\/4716"}],"wp:attachment":[{"href":"https:\/\/shop.mittgard.de\/index.php?rest_route=%2Fwp%2Fv2%2Fmedia&parent=4715"}],"wp:term":[{"taxonomy":"product_brand","embeddable":true,"href":"https:\/\/shop.mittgard.de\/index.php?rest_route=%2Fwp%2Fv2%2Fproduct_brand&post=4715"},{"taxonomy":"product_cat","embeddable":true,"href":"https:\/\/shop.mittgard.de\/index.php?rest_route=%2Fwp%2Fv2%2Fproduct_cat&post=4715"},{"taxonomy":"product_tag","embeddable":true,"href":"https:\/\/shop.mittgard.de\/index.php?rest_route=%2Fwp%2Fv2%2Fproduct_tag&post=4715"}],"curies":[{"name":"wp","href":"https:\/\/api.w.org\/{rel}","templated":true}]}}