{"id":4791,"date":"2018-10-03T12:42:30","date_gmt":"2018-10-03T10:42:30","guid":{"rendered":"http:\/\/shop.mittgard.de\/?post_type=product&#038;p=4791"},"modified":"2024-12-15T15:41:55","modified_gmt":"2024-12-15T14:41:55","slug":"kunz-kraehen-ueber-niflungenland","status":"publish","type":"product","link":"https:\/\/shop.mittgard.de\/?product=kunz-kraehen-ueber-niflungenland","title":{"rendered":"Kunz &#8222;Kr\u00e4hen \u00fcber Niflungenland&#8220;"},"content":{"rendered":"<p>F\u00fcnf Menschen:<\/p>\n<p>Grimhild, die aus Liebe eine Katastrophe heraufbeschw\u00f6rt.<\/p>\n<p>Sigfrid, der pl\u00f6tzlich versteht, als es zu sp\u00e4t ist.<\/p>\n<p>Hagen, dessen eiserne Selbstbeherrschung von einem L\u00e4cheln bis auf den Grund zerschlagen wird.<\/p>\n<p>Br\u00fcnhild, die ihre Seele verschenkt und der Macht gebrochener Versprechen erliegt.<\/p>\n<p>Gunter, der zum ersten Mal etwas f\u00fcr sich will und sich nicht damit abfinden kann, da\u00df es unerreichbar sein soll.<\/p>\n<p>F\u00fcnf Menschen, die in unaufl\u00f6sbaren Leidenschaften miteinander verstrickt sind. F\u00fcnf Menschen, die ihrem Schicksal nicht entfliehen k\u00f6nnen. Denn Wodan, der Gott der Ekstase, liebt es, Lust und Leid gleicherma\u00dfen bis zum \u00c4u\u00dfersten auszuloten.<\/p>\n<p>Der Autor n\u00e4hert sich dem Nibelungenmythos auf ungew\u00f6hnliche Weise, in dem er sich auf die Forschung zur Thidrekssaga von Heinz Ritter-Schaumburg bezieht, der den Stoff f\u00fcr einen authentischen Bericht der V\u00f6lkerwanderungszeit hielt. Demzufolge werden in diesem Roman psychologisch \u00fcberzeugende Menschen mit all ihren Hoffnungen und \u00c4ngsten geschildert, gefangen zwischen Loyalit\u00e4t und Verrat.<\/p>\n<p>Mit erz\u00e4hlerischer Kraft erweckt der Autor eine Welt im Umbruch zum Leben, die den Keim des Untergangs bereits in sich tr\u00e4gt.<\/p>\n<p>Broschiert, 340 Seiten<\/p>\n","protected":false},"excerpt":{"rendered":"<p>Br<\/p>\n","protected":false},"featured_media":4792,"template":"","meta":[],"product_brand":[],"product_cat":[193,185,209],"product_tag":[336,530,305],"class_list":{"0":"post-4791","1":"product","2":"type-product","3":"status-publish","4":"has-post-thumbnail","6":"product_cat-germanen","7":"product_cat-literatur","8":"product_cat-romane-dichtungen","9":"product_tag-germanen","10":"product_tag-nibelungen","11":"product_tag-sagen","12":"product_shipping_class-paket","14":"first","15":"instock","16":"taxable","17":"shipping-taxable","18":"purchasable","19":"product-type-simple"},"_links":{"self":[{"href":"https:\/\/shop.mittgard.de\/index.php?rest_route=\/wp\/v2\/product\/4791","targetHints":{"allow":["GET"]}}],"collection":[{"href":"https:\/\/shop.mittgard.de\/index.php?rest_route=\/wp\/v2\/product"}],"about":[{"href":"https:\/\/shop.mittgard.de\/index.php?rest_route=\/wp\/v2\/types\/product"}],"wp:featuredmedia":[{"embeddable":true,"href":"https:\/\/shop.mittgard.de\/index.php?rest_route=\/wp\/v2\/media\/4792"}],"wp:attachment":[{"href":"https:\/\/shop.mittgard.de\/index.php?rest_route=%2Fwp%2Fv2%2Fmedia&parent=4791"}],"wp:term":[{"taxonomy":"product_brand","embeddable":true,"href":"https:\/\/shop.mittgard.de\/index.php?rest_route=%2Fwp%2Fv2%2Fproduct_brand&post=4791"},{"taxonomy":"product_cat","embeddable":true,"href":"https:\/\/shop.mittgard.de\/index.php?rest_route=%2Fwp%2Fv2%2Fproduct_cat&post=4791"},{"taxonomy":"product_tag","embeddable":true,"href":"https:\/\/shop.mittgard.de\/index.php?rest_route=%2Fwp%2Fv2%2Fproduct_tag&post=4791"}],"curies":[{"name":"wp","href":"https:\/\/api.w.org\/{rel}","templated":true}]}}