{"id":4805,"date":"2018-10-03T13:28:42","date_gmt":"2018-10-03T11:28:42","guid":{"rendered":"http:\/\/shop.mittgard.de\/?post_type=product&#038;p=4805"},"modified":"2024-12-16T13:11:02","modified_gmt":"2024-12-16T12:11:02","slug":"jahnke-alex-reiten-wir","status":"publish","type":"product","link":"https:\/\/shop.mittgard.de\/?product=jahnke-alex-reiten-wir","title":{"rendered":"Diverse &#8222;Reiten wir!&#8220;"},"content":{"rendered":"<p>Winnetou und Old Shatterhand, Kara Ben Nemsi und Hadschi Halef Omar \u2013 Karl Mays Helden kennt man noch heute. Aber was w\u00e4ren diese Helden ohne ihre treuen Gef\u00e4hrten, die nicht im Mittelpunkt standen? Was sind ihre Geschichten? Die Vettern Tante Droll, der Westmann in Frauenkleidung und Hobble-Frank, der immer einen Spruch auf den Lippen hatte, waren die Einzigen, die je Winnetou und Old Shatterhand retteten. Ellen, die Tochter Old Firehands und Ribannas, lernte von Winnetou alles, was man als Westfrau im Wilden Westen wissen muss. Diese Anthologie erz\u00e4hlt ihre Geschichten, voller Abenteuer, Spannung, Humor und Trag\u00f6dien.<\/p>\n<p>Kein anderer Autor hat so viele Leser in eine Welt voller Abenteuer und Freundschaft versinken lassen, seine Geschichten und die Sehnsucht nach Abenteuern f\u00fcllen noch heute die Freilichtb\u00fchnen und Westernst\u00e4dte Deutschlands. Zu seinem 175. Geburtstag setzen Autoren der Phantastik Karl May ein Denkmal und bedanken sich f\u00fcr ihre Zeit und Inspiration in seinen Welten. Sie gehen sogar noch einen Schritt weiter, denn alle K\u00fcnstler spenden ihre Tantieme an das Karl-May-Museum in Radebeul zum Erhalt der Sammlung.<\/p>\n<p>Mit Geschichten von Tommy Krappweis, Iris Kammerer, Christian von Aster, Oliver Hoffmann, Lena Falkenhagen, Anja Bagus, Ulff Lehmann, Gerd Scherm, Isa Theobald, Robin Gates, Oliver Graute, Selina Haritz, Hermann Ritter, Falko L\u00f6ffler, Matthias Kremer, Alexa Waschkau, Katya Caelum, Volkmar Kuhnle, Sabine Joey Sch\u00e4fers, Marcus Rauchfu\u00df, Germaine Paulus, Ingo Muhs, Alex Jahnke, Axel Hildebrand und einem Vorwort von Ruth Ellen Gruber.<\/p>\n<p>Gebundene Ausgabe, 448 Seiten<\/p>\n","protected":false},"excerpt":{"rendered":"<p>HC<\/p>\n","protected":false},"featured_media":4806,"template":"","meta":[],"product_brand":[],"product_cat":[185,209],"product_tag":[535,534,533],"class_list":{"0":"post-4805","1":"product","2":"type-product","3":"status-publish","4":"has-post-thumbnail","6":"product_cat-literatur","7":"product_cat-romane-dichtungen","8":"product_tag-cowboys","9":"product_tag-indianer","10":"product_tag-winnetou","11":"product_shipping_class-paket","13":"first","14":"instock","15":"taxable","16":"shipping-taxable","17":"purchasable","18":"product-type-simple"},"_links":{"self":[{"href":"https:\/\/shop.mittgard.de\/index.php?rest_route=\/wp\/v2\/product\/4805","targetHints":{"allow":["GET"]}}],"collection":[{"href":"https:\/\/shop.mittgard.de\/index.php?rest_route=\/wp\/v2\/product"}],"about":[{"href":"https:\/\/shop.mittgard.de\/index.php?rest_route=\/wp\/v2\/types\/product"}],"wp:featuredmedia":[{"embeddable":true,"href":"https:\/\/shop.mittgard.de\/index.php?rest_route=\/wp\/v2\/media\/4806"}],"wp:attachment":[{"href":"https:\/\/shop.mittgard.de\/index.php?rest_route=%2Fwp%2Fv2%2Fmedia&parent=4805"}],"wp:term":[{"taxonomy":"product_brand","embeddable":true,"href":"https:\/\/shop.mittgard.de\/index.php?rest_route=%2Fwp%2Fv2%2Fproduct_brand&post=4805"},{"taxonomy":"product_cat","embeddable":true,"href":"https:\/\/shop.mittgard.de\/index.php?rest_route=%2Fwp%2Fv2%2Fproduct_cat&post=4805"},{"taxonomy":"product_tag","embeddable":true,"href":"https:\/\/shop.mittgard.de\/index.php?rest_route=%2Fwp%2Fv2%2Fproduct_tag&post=4805"}],"curies":[{"name":"wp","href":"https:\/\/api.w.org\/{rel}","templated":true}]}}