{"id":5830,"date":"2018-11-20T13:41:08","date_gmt":"2018-11-20T12:41:08","guid":{"rendered":"http:\/\/shop.mittgard.de\/?post_type=product&#038;p=5830"},"modified":"2026-01-12T13:36:20","modified_gmt":"2026-01-12T12:36:20","slug":"kunnas-mauri-zauberspuk-beim-weihnachtsmann","status":"publish","type":"product","link":"https:\/\/shop.mittgard.de\/?product=kunnas-mauri-zauberspuk-beim-weihnachtsmann","title":{"rendered":"Kunnas, Mauri &#8222;Zauberspuk beim Weihnachtsmann&#8220;"},"content":{"rendered":"<p>Nur noch wenige Tage bis Weihnachten, da geschehen auf einmal unheimliche Dinge im Weihnachtsdorf. Der Klang einer fremden Trommel ert\u00f6nt. Der Computer tut seinen letzten Seufzer. Die Dropsmaschine spielt verr\u00fcckt. Und dann wird es auch noch stockfinstere Nacht, weil jemand das Nordlicht vom Himmel gestohlen hat. Den Weihnachtsmann und seine Wichtel sollte das schon beunruhigen. Aber da sie bis zu den roten Zipfelm\u00fctzen in Arbeit stecken, haben sie keine Zeit, dem Zauberspuk auf den Grund zu gehen. Schlie\u00dflich sind die Weihnachtsgeschenke f\u00fcr die Kinder in aller Welt noch nicht fertig. Und so mancher Wunschzettel ist auch noch nicht entziffert&#8230;<\/p>\n<p>Gebundene Ausgabe, 52 Seiten<\/p>\n","protected":false},"excerpt":{"rendered":"<p>Geb<\/p>\n","protected":false},"featured_media":5832,"template":"","meta":[],"product_brand":[],"product_cat":[197,185],"product_tag":[651,252,396,650],"class_list":{"0":"post-5830","1":"product","2":"type-product","3":"status-publish","4":"has-post-thumbnail","6":"product_cat-kinderbuecher","7":"product_cat-literatur","8":"product_tag-bilderbuch","9":"product_tag-kinder","10":"product_tag-weihnachten","11":"product_tag-wichtel","12":"product_shipping_class-paket","14":"first","15":"onbackorder","16":"taxable","17":"shipping-taxable","18":"purchasable","19":"product-type-simple"},"_links":{"self":[{"href":"https:\/\/shop.mittgard.de\/index.php?rest_route=\/wp\/v2\/product\/5830","targetHints":{"allow":["GET"]}}],"collection":[{"href":"https:\/\/shop.mittgard.de\/index.php?rest_route=\/wp\/v2\/product"}],"about":[{"href":"https:\/\/shop.mittgard.de\/index.php?rest_route=\/wp\/v2\/types\/product"}],"wp:featuredmedia":[{"embeddable":true,"href":"https:\/\/shop.mittgard.de\/index.php?rest_route=\/wp\/v2\/media\/5832"}],"wp:attachment":[{"href":"https:\/\/shop.mittgard.de\/index.php?rest_route=%2Fwp%2Fv2%2Fmedia&parent=5830"}],"wp:term":[{"taxonomy":"product_brand","embeddable":true,"href":"https:\/\/shop.mittgard.de\/index.php?rest_route=%2Fwp%2Fv2%2Fproduct_brand&post=5830"},{"taxonomy":"product_cat","embeddable":true,"href":"https:\/\/shop.mittgard.de\/index.php?rest_route=%2Fwp%2Fv2%2Fproduct_cat&post=5830"},{"taxonomy":"product_tag","embeddable":true,"href":"https:\/\/shop.mittgard.de\/index.php?rest_route=%2Fwp%2Fv2%2Fproduct_tag&post=5830"}],"curies":[{"name":"wp","href":"https:\/\/api.w.org\/{rel}","templated":true}]}}