{"id":5838,"date":"2018-11-20T13:52:41","date_gmt":"2018-11-20T12:52:41","guid":{"rendered":"http:\/\/shop.mittgard.de\/?post_type=product&#038;p=5838"},"modified":"2026-01-12T13:36:48","modified_gmt":"2026-01-12T12:36:48","slug":"kunnas-mauri-12-geschenke-fuer-den-weihnachtsmann","status":"publish","type":"product","link":"https:\/\/shop.mittgard.de\/?product=kunnas-mauri-12-geschenke-fuer-den-weihnachtsmann","title":{"rendered":"Kunnas, Mauri &#8222;12 Geschenke f\u00fcr den Weihnachtsmann&#8220;"},"content":{"rendered":"<p>Schenken ist das Sch\u00f6nste an Weihnachten, meint Kalle, ein kleiner Wichteljunge &#8211; wenn es auch nicht immer ganz leicht ist, das <em>richtige <\/em>Geschenk zu finden. Was soll er zum Beispiel dem Weihnachtsmann schenken? Kalle \u00fcberlegt und \u00fcberlegt, und Stummel, sein Hund, hilft ihm dabei; schlie\u00dflich ist in zw\u00f6lf Tagen Weihnachten. da hat Kalle auf einmal eine Idee, und was f\u00fcr eine&#8230;<\/p>\n<p>Ein durch und durch fr\u00f6hliches Bilderbuch aus dem hohen Norden, wo die Winter lang und kalt und dunkel sind und wo der Weihnachtsmann mit seinen Wichteln wohnt. F\u00fcr alle, die gern Weihnachten feiern, zum W\u00fcnschen und Schenken.<\/p>\n<p>Gebundene Ausgabe, 52 Seiten<\/p>\n","protected":false},"excerpt":{"rendered":"<p>Geb<\/p>\n","protected":false},"featured_media":5839,"template":"","meta":[],"product_brand":[],"product_cat":[197,185],"product_tag":[651,252,396,650],"class_list":{"0":"post-5838","1":"product","2":"type-product","3":"status-publish","4":"has-post-thumbnail","6":"product_cat-kinderbuecher","7":"product_cat-literatur","8":"product_tag-bilderbuch","9":"product_tag-kinder","10":"product_tag-weihnachten","11":"product_tag-wichtel","12":"product_shipping_class-paket","14":"first","15":"onbackorder","16":"taxable","17":"shipping-taxable","18":"purchasable","19":"product-type-simple"},"_links":{"self":[{"href":"https:\/\/shop.mittgard.de\/index.php?rest_route=\/wp\/v2\/product\/5838","targetHints":{"allow":["GET"]}}],"collection":[{"href":"https:\/\/shop.mittgard.de\/index.php?rest_route=\/wp\/v2\/product"}],"about":[{"href":"https:\/\/shop.mittgard.de\/index.php?rest_route=\/wp\/v2\/types\/product"}],"wp:featuredmedia":[{"embeddable":true,"href":"https:\/\/shop.mittgard.de\/index.php?rest_route=\/wp\/v2\/media\/5839"}],"wp:attachment":[{"href":"https:\/\/shop.mittgard.de\/index.php?rest_route=%2Fwp%2Fv2%2Fmedia&parent=5838"}],"wp:term":[{"taxonomy":"product_brand","embeddable":true,"href":"https:\/\/shop.mittgard.de\/index.php?rest_route=%2Fwp%2Fv2%2Fproduct_brand&post=5838"},{"taxonomy":"product_cat","embeddable":true,"href":"https:\/\/shop.mittgard.de\/index.php?rest_route=%2Fwp%2Fv2%2Fproduct_cat&post=5838"},{"taxonomy":"product_tag","embeddable":true,"href":"https:\/\/shop.mittgard.de\/index.php?rest_route=%2Fwp%2Fv2%2Fproduct_tag&post=5838"}],"curies":[{"name":"wp","href":"https:\/\/api.w.org\/{rel}","templated":true}]}}