{"id":615,"date":"2018-03-07T00:39:44","date_gmt":"2018-03-06T23:39:44","guid":{"rendered":"http:\/\/shop.mittgard.de\/?product=import-placeholder-for-30"},"modified":"2026-03-25T10:18:19","modified_gmt":"2026-03-25T09:18:19","slug":"goldrute-100g","status":"publish","type":"product","link":"https:\/\/shop.mittgard.de\/?product=goldrute-100g","title":{"rendered":"Goldrute, Kraut, geschnitten (100g)"},"content":{"rendered":"<p>Kraut, geschnitten<\/p>\n<p>zur Erh\u00f6hung der Harnmenge bei Blasen- &amp; Nierenentz\u00fcndung, bei chronischer Nierenentz\u00fcndung vorher den Arzt fragen!<\/p>\n\r\n\t<a class=\"paoc-popup-click paoc-popup-cust-9100 paoc-popup-simple_link paoc-popup-link\" href=\"javascript:void(0);\">Geschichtliches samt Rezept<\/a>\r\n\r\n\n<blockquote>\n<pre class=\"western\"><strong><span style=\"font-family: Lucida Blackletter, cursive; font-size: 12pt;\">Goldrute<\/span><\/strong>\r\n\r\n<span style=\"font-family: Lucida Blackletter, cursive; font-size: 12pt;\">Es hat di\u00df kraut nicht vergebens seinen Namen \u00fcberkommen<\/span>\r\n<span style=\"font-family: Lucida Blackletter, cursive; font-size: 12pt;\">Da\u00df es g\u00fclden Wundkraut hei\u00dft<\/span>\r\n<span style=\"font-family: Lucida Blackletter, cursive; font-size: 12pt;\">Sintemal es nicht allein zu \u00e4u\u00dferlichen<\/span>\r\n<span style=\"font-family: Lucida Blackletter, cursive; font-size: 12pt;\">Sondern auch zu den innerlichen Wunden ganz heilsam und \r\nn\u00fctzlich zu gebrauchen ist<\/span>\r\n<span style=\"font-family: Lucida Blackletter, cursive; font-size: 12pt;\">Von wegen seiner truckenen und zusammenziehenden Krafft<\/span>\r\n<span style=\"font-family: Lucida Blackletter, cursive; font-size: 12pt;\">So es an sich hat:<\/span>\r\n<span style=\"font-family: Lucida Blackletter, cursive; font-size: 12pt;\">Man kan aber das Kraut entweder allein<\/span>\r\n<span style=\"font-family: Lucida Blackletter, cursive; font-size: 12pt;\">Oder mit anderen Wundkr\u00e4utern<\/span>\r\n<span style=\"font-family: Lucida Blackletter, cursive; font-size: 12pt;\">Als Sanickel<\/span>\r\n<span style=\"font-family: Lucida Blackletter, cursive; font-size: 12pt;\">Wintergr\u00fcn<\/span>\r\n<span style=\"font-family: Lucida Blackletter, cursive; font-size: 12pt;\">Egelkraut<\/span>\r\n<span style=\"font-family: Lucida Blackletter, cursive; font-size: 12pt;\">Braunellen<\/span>\r\n<span style=\"font-family: Lucida Blackletter, cursive; font-size: 12pt;\">Mau\u00df\u00f6hrlein<\/span>\r\n<span style=\"font-family: Lucida Blackletter, cursive; font-size: 12pt;\">Wegerich und dergleichen<\/span>\r\n<span style=\"font-family: Lucida Blackletter, cursive; font-size: 12pt;\">In Wein oder Wasser nach Gelegenheit sieden<\/span>\r\n<span style=\"font-family: Lucida Blackletter, cursive; font-size: 12pt;\">Und davon trincken.<\/span>\r\n\r\n<span style=\"font-family: Lucida Blackletter, cursive; font-size: 12pt;\">Tabernaemontanus anno 1731\r\n\r\n\r\n<\/span><\/pre>\n<\/blockquote>\n","protected":false},"excerpt":{"rendered":"<p>Kraut, geschnitten zur Erh\u00f6hung der Harnmenge bei Blasen- &amp; Nierenentz\u00fcndung, bei chronischer Nierenentz\u00fcndung vorher den Arzt fragen! Goldrute Es hat di\u00df kraut nicht vergebens seinen Namen \u00fcberkommen Da\u00df es g\u00fclden Wundkraut hei\u00dft Sintemal es nicht allein zu \u00e4u\u00dferlichen Sondern auch zu den innerlichen Wunden ganz heilsam und n\u00fctzlich zu gebrauchen ist Von wegen seiner truckenen &hellip; <\/p>\n<p class=\"link-more\"><a href=\"https:\/\/shop.mittgard.de\/?product=goldrute-100g\" class=\"more-link\"><span class=\"screen-reader-text\">\u201eGoldrute, Kraut, geschnitten (100g)\u201c <\/span>weiterlesen<\/a><\/p>\n","protected":false},"featured_media":10189,"template":"","meta":[],"product_brand":[],"product_cat":[17,16],"product_tag":[75],"class_list":{"0":"post-615","1":"product","2":"type-product","3":"status-publish","4":"has-post-thumbnail","6":"product_cat-arzneikraeuter","7":"product_cat-kraeuter","8":"product_tag-harntreibend","9":"product_shipping_class-paket","11":"first","12":"instock","13":"taxable","14":"shipping-taxable","15":"purchasable","16":"product-type-simple"},"_links":{"self":[{"href":"https:\/\/shop.mittgard.de\/index.php?rest_route=\/wp\/v2\/product\/615","targetHints":{"allow":["GET"]}}],"collection":[{"href":"https:\/\/shop.mittgard.de\/index.php?rest_route=\/wp\/v2\/product"}],"about":[{"href":"https:\/\/shop.mittgard.de\/index.php?rest_route=\/wp\/v2\/types\/product"}],"wp:featuredmedia":[{"embeddable":true,"href":"https:\/\/shop.mittgard.de\/index.php?rest_route=\/wp\/v2\/media\/10189"}],"wp:attachment":[{"href":"https:\/\/shop.mittgard.de\/index.php?rest_route=%2Fwp%2Fv2%2Fmedia&parent=615"}],"wp:term":[{"taxonomy":"product_brand","embeddable":true,"href":"https:\/\/shop.mittgard.de\/index.php?rest_route=%2Fwp%2Fv2%2Fproduct_brand&post=615"},{"taxonomy":"product_cat","embeddable":true,"href":"https:\/\/shop.mittgard.de\/index.php?rest_route=%2Fwp%2Fv2%2Fproduct_cat&post=615"},{"taxonomy":"product_tag","embeddable":true,"href":"https:\/\/shop.mittgard.de\/index.php?rest_route=%2Fwp%2Fv2%2Fproduct_tag&post=615"}],"curies":[{"name":"wp","href":"https:\/\/api.w.org\/{rel}","templated":true}]}}