{"id":618,"date":"2018-03-07T00:39:45","date_gmt":"2018-03-06T23:39:45","guid":{"rendered":"http:\/\/shop.mittgard.de\/?product=import-placeholder-for-33"},"modified":"2026-03-25T10:21:31","modified_gmt":"2026-03-25T09:21:31","slug":"hauhechel-100g","status":"publish","type":"product","link":"https:\/\/shop.mittgard.de\/?product=hauhechel-100g","title":{"rendered":"Hauhechel, Wurzel, geschnitten (100g)"},"content":{"rendered":"<p>Wurzel, geschnitten<\/p>\n<p>zur Erh\u00f6hung der Harnmenge bei Nierenbecken- &amp; Blasenkatarrhen, Harngrie\u00df &amp; zur Vorbeugung von Harnsteinen; nicht anwenden bei \u00d6demen infolge eingeschr\u00e4nkter Herz- &amp; Nierent\u00e4tigkeit<\/p>\n","protected":false},"excerpt":{"rendered":"<p>Wurzel, geschnitten zur Erh\u00f6hung der Harnmenge bei Nierenbecken- &amp; Blasenkatarrhen, Harngrie\u00df &amp; zur Vorbeugung von Harnsteinen; nicht anwenden bei \u00d6demen infolge eingeschr\u00e4nkter Herz- &amp; Nierent\u00e4tigkeit<\/p>\n","protected":false},"featured_media":10188,"template":"","meta":[],"product_brand":[],"product_cat":[17,16],"product_tag":[1121,75],"class_list":{"0":"post-618","1":"product","2":"type-product","3":"status-publish","4":"has-post-thumbnail","6":"product_cat-arzneikraeuter","7":"product_cat-kraeuter","8":"product_tag-blasenentzuendung","9":"product_tag-harntreibend","10":"product_shipping_class-paket","12":"first","13":"instock","14":"taxable","15":"shipping-taxable","16":"purchasable","17":"product-type-simple"},"_links":{"self":[{"href":"https:\/\/shop.mittgard.de\/index.php?rest_route=\/wp\/v2\/product\/618","targetHints":{"allow":["GET"]}}],"collection":[{"href":"https:\/\/shop.mittgard.de\/index.php?rest_route=\/wp\/v2\/product"}],"about":[{"href":"https:\/\/shop.mittgard.de\/index.php?rest_route=\/wp\/v2\/types\/product"}],"wp:featuredmedia":[{"embeddable":true,"href":"https:\/\/shop.mittgard.de\/index.php?rest_route=\/wp\/v2\/media\/10188"}],"wp:attachment":[{"href":"https:\/\/shop.mittgard.de\/index.php?rest_route=%2Fwp%2Fv2%2Fmedia&parent=618"}],"wp:term":[{"taxonomy":"product_brand","embeddable":true,"href":"https:\/\/shop.mittgard.de\/index.php?rest_route=%2Fwp%2Fv2%2Fproduct_brand&post=618"},{"taxonomy":"product_cat","embeddable":true,"href":"https:\/\/shop.mittgard.de\/index.php?rest_route=%2Fwp%2Fv2%2Fproduct_cat&post=618"},{"taxonomy":"product_tag","embeddable":true,"href":"https:\/\/shop.mittgard.de\/index.php?rest_route=%2Fwp%2Fv2%2Fproduct_tag&post=618"}],"curies":[{"name":"wp","href":"https:\/\/api.w.org\/{rel}","templated":true}]}}