{"id":6240,"date":"2018-12-12T16:31:19","date_gmt":"2018-12-12T15:31:19","guid":{"rendered":"http:\/\/shop.mittgard.de\/?post_type=product&#038;p=6240"},"modified":"2024-12-13T14:16:33","modified_gmt":"2024-12-13T13:16:33","slug":"21-holzrune-laguz","status":"publish","type":"product","link":"https:\/\/shop.mittgard.de\/?product=21-holzrune-laguz","title":{"rendered":"21. Holzrune &#8222;Laguz&#8220;"},"content":{"rendered":"<p>handgearbeitet aus Eschenholz, \u00d8 ca. 2 &#8211; 2,5 cm inklusive Lederband und einem Beiblatt mit allen Runenerkl\u00e4rungen.<\/p>\n<p>Die Rune Laguz (L) hei\u00dft direkt \u00fcbersetzt Lache und damit ist das Urwasser bzw. Meer gemeint. Alles was in und um den Menschen herum flie\u00dft, also auch Gef\u00fchle, Emotionen, Bewegung an sich. Es enth\u00e4lt das Potenzial f\u00fcr Ver\u00e4nderung, aber auch f\u00fcr \u00dcberlieferung &amp; Erinnerung.<\/p>\n","protected":false},"excerpt":{"rendered":"<p>handgearbeitet aus Eschenholz, \u00d8 ca. 2 &#8211; 2,5 cm inklusive Lederband und einem Beiblatt mit allen Runenerkl\u00e4rungen. Die Rune Laguz (L) hei\u00dft direkt \u00fcbersetzt Lache und damit ist das Urwasser bzw. Meer gemeint. Alles was in und um den Menschen herum flie\u00dft, also auch Gef\u00fchle, Emotionen, Bewegung an sich. Es enth\u00e4lt das Potenzial f\u00fcr Ver\u00e4nderung, &hellip; <\/p>\n<p class=\"link-more\"><a href=\"https:\/\/shop.mittgard.de\/?product=21-holzrune-laguz\" class=\"more-link\"><span class=\"screen-reader-text\">\u201e21. Holzrune &#8222;Laguz&#8220;\u201c <\/span>weiterlesen<\/a><\/p>\n","protected":false},"featured_media":6241,"template":"","meta":[],"product_brand":[],"product_cat":[456,476,455],"product_tag":[721,266,516,691,722],"class_list":{"0":"post-6240","1":"product","2":"type-product","3":"status-publish","4":"has-post-thumbnail","6":"product_cat-germanen-wikinger","7":"product_cat-runen","8":"product_cat-schmuck","9":"product_tag-gefuehle","10":"product_tag-holz","11":"product_tag-liebe","12":"product_tag-rune","13":"product_tag-veraenderung","14":"product_shipping_class-brief","16":"first","17":"instock","18":"taxable","19":"shipping-taxable","20":"purchasable","21":"product-type-simple"},"_links":{"self":[{"href":"https:\/\/shop.mittgard.de\/index.php?rest_route=\/wp\/v2\/product\/6240","targetHints":{"allow":["GET"]}}],"collection":[{"href":"https:\/\/shop.mittgard.de\/index.php?rest_route=\/wp\/v2\/product"}],"about":[{"href":"https:\/\/shop.mittgard.de\/index.php?rest_route=\/wp\/v2\/types\/product"}],"wp:featuredmedia":[{"embeddable":true,"href":"https:\/\/shop.mittgard.de\/index.php?rest_route=\/wp\/v2\/media\/6241"}],"wp:attachment":[{"href":"https:\/\/shop.mittgard.de\/index.php?rest_route=%2Fwp%2Fv2%2Fmedia&parent=6240"}],"wp:term":[{"taxonomy":"product_brand","embeddable":true,"href":"https:\/\/shop.mittgard.de\/index.php?rest_route=%2Fwp%2Fv2%2Fproduct_brand&post=6240"},{"taxonomy":"product_cat","embeddable":true,"href":"https:\/\/shop.mittgard.de\/index.php?rest_route=%2Fwp%2Fv2%2Fproduct_cat&post=6240"},{"taxonomy":"product_tag","embeddable":true,"href":"https:\/\/shop.mittgard.de\/index.php?rest_route=%2Fwp%2Fv2%2Fproduct_tag&post=6240"}],"curies":[{"name":"wp","href":"https:\/\/api.w.org\/{rel}","templated":true}]}}