{"id":637,"date":"2018-03-07T00:39:51","date_gmt":"2018-03-06T23:39:51","guid":{"rendered":"http:\/\/shop.mittgard.de\/?product=import-placeholder-for-52"},"modified":"2026-03-25T10:46:07","modified_gmt":"2026-03-25T09:46:07","slug":"odermennig-100g","status":"publish","type":"product","link":"https:\/\/shop.mittgard.de\/?product=odermennig-100g","title":{"rendered":"Odermennig, Kraut, geschnitten (100g)"},"content":{"rendered":"<p>Kraut, geschnitten<\/p>\n<p>innerlich bei leichten, unspezifischen, akuten Durchfallerkrankungen, Mund- &amp; Rachenschleimhautentz\u00fcndung, \u00e4u\u00dferlich bei leichten oberfl\u00e4chlichen Hautentz\u00fcndungen; keine innerliche Behandlung an S\u00e4uglingen &amp; Kleinkindern!<\/p>\n","protected":false},"excerpt":{"rendered":"<p>Kraut, geschnitten innerlich bei leichten, unspezifischen, akuten Durchfallerkrankungen, Mund- &amp; Rachenschleimhautentz\u00fcndung, \u00e4u\u00dferlich bei leichten oberfl\u00e4chlichen Hautentz\u00fcndungen; keine innerliche Behandlung an S\u00e4uglingen &amp; Kleinkindern!<\/p>\n","protected":false},"featured_media":9681,"template":"","meta":[],"product_brand":[],"product_cat":[17,16],"product_tag":[77,68,76],"class_list":{"0":"post-637","1":"product","2":"type-product","3":"status-publish","4":"has-post-thumbnail","6":"product_cat-arzneikraeuter","7":"product_cat-kraeuter","8":"product_tag-gegen-durchfall","9":"product_tag-hustentee","10":"product_tag-wundheilend","11":"product_shipping_class-paket","13":"first","14":"instock","15":"taxable","16":"shipping-taxable","17":"purchasable","18":"product-type-simple"},"_links":{"self":[{"href":"https:\/\/shop.mittgard.de\/index.php?rest_route=\/wp\/v2\/product\/637","targetHints":{"allow":["GET"]}}],"collection":[{"href":"https:\/\/shop.mittgard.de\/index.php?rest_route=\/wp\/v2\/product"}],"about":[{"href":"https:\/\/shop.mittgard.de\/index.php?rest_route=\/wp\/v2\/types\/product"}],"wp:featuredmedia":[{"embeddable":true,"href":"https:\/\/shop.mittgard.de\/index.php?rest_route=\/wp\/v2\/media\/9681"}],"wp:attachment":[{"href":"https:\/\/shop.mittgard.de\/index.php?rest_route=%2Fwp%2Fv2%2Fmedia&parent=637"}],"wp:term":[{"taxonomy":"product_brand","embeddable":true,"href":"https:\/\/shop.mittgard.de\/index.php?rest_route=%2Fwp%2Fv2%2Fproduct_brand&post=637"},{"taxonomy":"product_cat","embeddable":true,"href":"https:\/\/shop.mittgard.de\/index.php?rest_route=%2Fwp%2Fv2%2Fproduct_cat&post=637"},{"taxonomy":"product_tag","embeddable":true,"href":"https:\/\/shop.mittgard.de\/index.php?rest_route=%2Fwp%2Fv2%2Fproduct_tag&post=637"}],"curies":[{"name":"wp","href":"https:\/\/api.w.org\/{rel}","templated":true}]}}