{"id":644,"date":"2018-03-07T00:39:52","date_gmt":"2018-03-06T23:39:52","guid":{"rendered":"http:\/\/shop.mittgard.de\/?product=import-placeholder-for-59"},"modified":"2026-03-25T10:57:23","modified_gmt":"2026-03-25T09:57:23","slug":"schachtelhalm-zinnkraut-100g","status":"publish","type":"product","link":"https:\/\/shop.mittgard.de\/?product=schachtelhalm-zinnkraut-100g","title":{"rendered":"Schachtelhalm (Zinnkraut), Kraut, geschnitten (100g)"},"content":{"rendered":"<p>Kraut, geschnitten<\/p>\n<p>innerlich bei bestehenden &amp; nach Verletzungen auftretenden \u00d6demen (Wasseransammlungen), zur Durchsp\u00fclung der ableitenden Harnwege &amp; bei Nierengrie\u00df, \u00e4u\u00dferlich zur unterst\u00fctzenden Behandlung schlecht heilender Wunden, nicht anwenden bei \u00d6demen durch eingeschr\u00e4nkter Herz- oder Nierent\u00e4tigkeit<\/p>\n","protected":false},"excerpt":{"rendered":"<p>Kraut, geschnitten innerlich bei bestehenden &amp; nach Verletzungen auftretenden \u00d6demen (Wasseransammlungen), zur Durchsp\u00fclung der ableitenden Harnwege &amp; bei Nierengrie\u00df, \u00e4u\u00dferlich zur unterst\u00fctzenden Behandlung schlecht heilender Wunden, nicht anwenden bei \u00d6demen durch eingeschr\u00e4nkter Herz- oder Nierent\u00e4tigkeit<\/p>\n","protected":false},"featured_media":1625,"template":"","meta":[],"product_brand":[],"product_cat":[17,16],"product_tag":[75,76],"class_list":{"0":"post-644","1":"product","2":"type-product","3":"status-publish","4":"has-post-thumbnail","6":"product_cat-arzneikraeuter","7":"product_cat-kraeuter","8":"product_tag-harntreibend","9":"product_tag-wundheilend","10":"product_shipping_class-paket","12":"first","13":"instock","14":"taxable","15":"shipping-taxable","16":"purchasable","17":"product-type-simple"},"_links":{"self":[{"href":"https:\/\/shop.mittgard.de\/index.php?rest_route=\/wp\/v2\/product\/644","targetHints":{"allow":["GET"]}}],"collection":[{"href":"https:\/\/shop.mittgard.de\/index.php?rest_route=\/wp\/v2\/product"}],"about":[{"href":"https:\/\/shop.mittgard.de\/index.php?rest_route=\/wp\/v2\/types\/product"}],"wp:featuredmedia":[{"embeddable":true,"href":"https:\/\/shop.mittgard.de\/index.php?rest_route=\/wp\/v2\/media\/1625"}],"wp:attachment":[{"href":"https:\/\/shop.mittgard.de\/index.php?rest_route=%2Fwp%2Fv2%2Fmedia&parent=644"}],"wp:term":[{"taxonomy":"product_brand","embeddable":true,"href":"https:\/\/shop.mittgard.de\/index.php?rest_route=%2Fwp%2Fv2%2Fproduct_brand&post=644"},{"taxonomy":"product_cat","embeddable":true,"href":"https:\/\/shop.mittgard.de\/index.php?rest_route=%2Fwp%2Fv2%2Fproduct_cat&post=644"},{"taxonomy":"product_tag","embeddable":true,"href":"https:\/\/shop.mittgard.de\/index.php?rest_route=%2Fwp%2Fv2%2Fproduct_tag&post=644"}],"curies":[{"name":"wp","href":"https:\/\/api.w.org\/{rel}","templated":true}]}}