{"id":646,"date":"2018-03-07T00:39:52","date_gmt":"2018-03-06T23:39:52","guid":{"rendered":"http:\/\/shop.mittgard.de\/?product=import-placeholder-for-61"},"modified":"2026-03-25T11:04:57","modified_gmt":"2026-03-25T10:04:57","slug":"schluesselblume-50g","status":"publish","type":"product","link":"https:\/\/shop.mittgard.de\/?product=schluesselblume-50g","title":{"rendered":"Schl\u00fcsselblume, Bl\u00fcten, geschnitten (50g)"},"content":{"rendered":"<p>Bl\u00fcten mit Kelch, geschnitten<\/p>\n<p>zur schleimbildenden Reizlinderung bei Katarrhen der oberen Luftwege<\/p>\n<pre><span style=\"font-family: georgia, palatino, serif; font-size: 14pt;\"><strong>Schl\u00fcsselblumenwein<\/strong>\r\n\r\n1 1\/2 Pfund ungeschwefelte Rosinen\r\n4 l Wasser\r\n1 kg Zucker oder Honig\r\n5 Tassen getrocknete oder frische Schl\u00fcsselblumenbl\u00fcten\r\n2 Vanilleschoten\r\n1 Fl\u00e4schchen Edelhefe (f\u00fcr s\u00fc\u00dfe Wei\u00dfweine)\r\n3 g Weinsteins\u00e4ure\r\n1 W\u00fcrfel Backhefe\r\n\r\nRosinen &amp; Vanille mit dem kalten Wasser ansetzen und 15 min \r\nkochen, abseihen &amp; in dem hei\u00dfen Saft den Honig aufl\u00f6sen. \r\nMit der hei\u00dfen Fl\u00fcssigkeit die Schl\u00fcsselblumen in einen Topf \r\ngie\u00dfen, abdecken, einige Stunden ziehen lassen &amp; abseihen.\r\nEdelhefe, Weinsteins\u00e4ure und Backhefe im Schl\u00fcsselblumensatz\r\naufl\u00f6sen und alles in Glasballons geben, Korken mit \r\nG\u00e4raufsatz drauf &amp; an warmen Ort 4 - 6 Wochen g\u00e4ren lassen,\r\nabseihen und in dunkle Flaschen gef\u00fcllt noch 3 Monate im \r\nKeller nachg\u00e4ren lassen.<\/span><\/pre>\n","protected":false},"excerpt":{"rendered":"<p>Bl\u00fcten mit Kelch, geschnitten zur schleimbildenden Reizlinderung bei Katarrhen der oberen Luftwege Schl\u00fcsselblumenwein 1 1\/2 Pfund ungeschwefelte Rosinen 4 l Wasser 1 kg Zucker oder Honig 5 Tassen getrocknete oder frische Schl\u00fcsselblumenbl\u00fcten 2 Vanilleschoten 1 Fl\u00e4schchen Edelhefe (f\u00fcr s\u00fc\u00dfe Wei\u00dfweine) 3 g Weinsteins\u00e4ure 1 W\u00fcrfel Backhefe Rosinen &amp; Vanille mit dem kalten Wasser ansetzen und &hellip; <\/p>\n<p class=\"link-more\"><a href=\"https:\/\/shop.mittgard.de\/?product=schluesselblume-50g\" class=\"more-link\"><span class=\"screen-reader-text\">\u201eSchl\u00fcsselblume, Bl\u00fcten, geschnitten (50g)\u201c <\/span>weiterlesen<\/a><\/p>\n","protected":false},"featured_media":9682,"template":"","meta":[],"product_brand":[],"product_cat":[17,16],"product_tag":[68],"class_list":{"0":"post-646","1":"product","2":"type-product","3":"status-publish","4":"has-post-thumbnail","6":"product_cat-arzneikraeuter","7":"product_cat-kraeuter","8":"product_tag-hustentee","9":"product_shipping_class-paket","11":"first","12":"instock","13":"taxable","14":"shipping-taxable","15":"purchasable","16":"product-type-simple"},"_links":{"self":[{"href":"https:\/\/shop.mittgard.de\/index.php?rest_route=\/wp\/v2\/product\/646","targetHints":{"allow":["GET"]}}],"collection":[{"href":"https:\/\/shop.mittgard.de\/index.php?rest_route=\/wp\/v2\/product"}],"about":[{"href":"https:\/\/shop.mittgard.de\/index.php?rest_route=\/wp\/v2\/types\/product"}],"wp:featuredmedia":[{"embeddable":true,"href":"https:\/\/shop.mittgard.de\/index.php?rest_route=\/wp\/v2\/media\/9682"}],"wp:attachment":[{"href":"https:\/\/shop.mittgard.de\/index.php?rest_route=%2Fwp%2Fv2%2Fmedia&parent=646"}],"wp:term":[{"taxonomy":"product_brand","embeddable":true,"href":"https:\/\/shop.mittgard.de\/index.php?rest_route=%2Fwp%2Fv2%2Fproduct_brand&post=646"},{"taxonomy":"product_cat","embeddable":true,"href":"https:\/\/shop.mittgard.de\/index.php?rest_route=%2Fwp%2Fv2%2Fproduct_cat&post=646"},{"taxonomy":"product_tag","embeddable":true,"href":"https:\/\/shop.mittgard.de\/index.php?rest_route=%2Fwp%2Fv2%2Fproduct_tag&post=646"}],"curies":[{"name":"wp","href":"https:\/\/api.w.org\/{rel}","templated":true}]}}