{"id":647,"date":"2018-03-07T00:39:52","date_gmt":"2018-03-06T23:39:52","guid":{"rendered":"http:\/\/shop.mittgard.de\/?product=import-placeholder-for-62"},"modified":"2026-03-25T11:07:38","modified_gmt":"2026-03-25T10:07:38","slug":"spitzwegerich-100g","status":"publish","type":"product","link":"https:\/\/shop.mittgard.de\/?product=spitzwegerich-100g","title":{"rendered":"Spitzwegerich, Kraut, geschnitten (100g)"},"content":{"rendered":"<p>Kraut, geschnitten<\/p>\n<p>innerlich bei Katarrhen der Luftwege, Mund- &amp; Rachenschleimhautentz\u00fcndung, \u00e4u\u00dferlich bei entz\u00fcndlichen Ver\u00e4nderungen der Haut<\/p>\n<pre class=\"western\"><span style=\"font-family: georgia, palatino, serif; font-size: 14pt;\">Es gibt keine Pflanze,\r\ndie mehr austrocknet\r\nund zugleich festigt als Plantago. \r\nWenn eine Wunde da ist, \r\nsoll Plantago mit Chelidonia (Sch\u00f6llkraut) gesto\u00dfen werden\r\nund mit dem Saft von einer der beiden Pflanzen gemischt werden.\r\nDarin soll ein Tuch eingetaucht werden\r\nUnd dieses soll auf die Wunde gelegt werden.\r\n\r\nParacelsus\r\n\r\n<\/span><\/pre>\n<pre class=\"western\"><span style=\"font-family: georgia, palatino, serif; font-size: 14pt;\">Wenn einer durch das Gehen Blasen an den F\u00fc\u00dfen bekommt\r\nsoll Wegerich mit Salz gesto\u00dfen werden\r\nund ein wenig soll \u00fcber Nacht aufgelegt werden\r\nWenn man am Morgen die Schuhe damit anf\u00fcllt,\r\nhilft dies und vertreibt den Schmerz. \r\n\r\nParacelsus<\/span><\/pre>\n<pre class=\"western\"><span style=\"font-family: georgia, palatino, serif; font-size: 14pt;\"><strong>Erdkammernsirup<\/strong>\r\n\r\nIn ein 1 Liter Einmachglas, das zuvor mit kochendem Wasser\r\ngereinigt wurde, schichtet man abwechselnd 1 cm trockene \r\naber frische Spitzwegerichbl\u00e4tter, dann 1 cm Honig, \r\nwieder 1 cm Spitzwegerichbl\u00e4tter usw. bis das Glas bis oben \r\nvoll ist. Das Glas wird \u00fcber Nacht stehen gelassen, damit\r\nsich alles setzen kann und am Morgen gegebenenfalls nochmals \r\nmit Honig auff\u00fcllen. Das Glas wird anschlie\u00dfend mit mehreren \r\nSchichten Pergamentpapier verschlossen und mit einem Draht \r\nfest zugebunden. Das Glas wird nun f\u00fcr 3 Monate in einem \r\n50 cm tiefen Erdloch vergraben, da bleibt es gleichm\u00e4\u00dfig \r\nwarm und kann in Ruhe anfangen zu g\u00e4ren. Nach der G\u00e4rung \r\nwird das Glas wieder ausgegraben, die Fl\u00fcssigkeit darin \r\nausgepre\u00dft und in Flaschen gef\u00fcllt.\r\n\r\n<\/span><\/pre>\n<pre><span style=\"font-family: georgia, palatino, serif; font-size: 14pt;\"><strong>Kr\u00e4uter-Hustenbonbons<\/strong>\r\n\r\n3 Handvoll gr\u00fcnes Wacholderkries\r\n3 Handvoll Wegerich\r\n1 Handvoll Brennesseln\r\n1 Handvoll Johanniskraut\r\n3 Handvoll Angelika\r\n1 Handvoll K\u00f6nigskerze\r\n1 Handvoll Gundelrebe\r\n1 Handvoll Pfefferminze\r\n1 Handvoll Island Moos\r\n1 Handvoll Ehrenpreis\r\n2 Handvoll Lungenkraut\r\n1\/2 Handvoll Anis\r\n1\/2 Handvoll Fenchel\r\n1\/2 Handvoll Aronabl\u00e4tter (Arum)\r\n1\/2 Handvoll Attichwurzel\r\n1\/2 Handvoll Bibernell\r\n\r\nAlle diese Kr\u00e4uter kocht man in gen\u00fcgend Honig oder\r\nR\u00fcbensirup solange ein, bis eine dicke dunkle klebrige Masse\r\nentsteht und pre\u00dft die Kr\u00e4uter daraus aus. Wenn ihr noch \r\nl\u00e4nger kocht, bekommt ihr Kr\u00e4uterbonbons. Daf\u00fcr m\u00fc\u00dft ihr dann\r\ndie Masse auf ein Backblech streichen, hart werden lassen \r\nund anschlie\u00dfend in kleine St\u00fccke brechen.\r\nLa\u00dft's Euch schmecken!<\/span><\/pre>\n","protected":false},"excerpt":{"rendered":"<p>Kraut, geschnitten innerlich bei Katarrhen der Luftwege, Mund- &amp; Rachenschleimhautentz\u00fcndung, \u00e4u\u00dferlich bei entz\u00fcndlichen Ver\u00e4nderungen der Haut Es gibt keine Pflanze, die mehr austrocknet und zugleich festigt als Plantago. Wenn eine Wunde da ist, soll Plantago mit Chelidonia (Sch\u00f6llkraut) gesto\u00dfen werden und mit dem Saft von einer der beiden Pflanzen gemischt werden. Darin soll ein Tuch &hellip; <\/p>\n<p class=\"link-more\"><a href=\"https:\/\/shop.mittgard.de\/?product=spitzwegerich-100g\" class=\"more-link\"><span class=\"screen-reader-text\">\u201eSpitzwegerich, Kraut, geschnitten (100g)\u201c <\/span>weiterlesen<\/a><\/p>\n","protected":false},"featured_media":1657,"template":"","meta":[],"product_brand":[],"product_cat":[17,16],"product_tag":[68,72],"class_list":{"0":"post-647","1":"product","2":"type-product","3":"status-publish","4":"has-post-thumbnail","6":"product_cat-arzneikraeuter","7":"product_cat-kraeuter","8":"product_tag-hustentee","9":"product_tag-unreine-haut","10":"product_shipping_class-paket","12":"first","13":"instock","14":"taxable","15":"shipping-taxable","16":"purchasable","17":"product-type-simple"},"_links":{"self":[{"href":"https:\/\/shop.mittgard.de\/index.php?rest_route=\/wp\/v2\/product\/647","targetHints":{"allow":["GET"]}}],"collection":[{"href":"https:\/\/shop.mittgard.de\/index.php?rest_route=\/wp\/v2\/product"}],"about":[{"href":"https:\/\/shop.mittgard.de\/index.php?rest_route=\/wp\/v2\/types\/product"}],"wp:featuredmedia":[{"embeddable":true,"href":"https:\/\/shop.mittgard.de\/index.php?rest_route=\/wp\/v2\/media\/1657"}],"wp:attachment":[{"href":"https:\/\/shop.mittgard.de\/index.php?rest_route=%2Fwp%2Fv2%2Fmedia&parent=647"}],"wp:term":[{"taxonomy":"product_brand","embeddable":true,"href":"https:\/\/shop.mittgard.de\/index.php?rest_route=%2Fwp%2Fv2%2Fproduct_brand&post=647"},{"taxonomy":"product_cat","embeddable":true,"href":"https:\/\/shop.mittgard.de\/index.php?rest_route=%2Fwp%2Fv2%2Fproduct_cat&post=647"},{"taxonomy":"product_tag","embeddable":true,"href":"https:\/\/shop.mittgard.de\/index.php?rest_route=%2Fwp%2Fv2%2Fproduct_tag&post=647"}],"curies":[{"name":"wp","href":"https:\/\/api.w.org\/{rel}","templated":true}]}}