{"id":6648,"date":"2019-01-13T09:48:34","date_gmt":"2019-01-13T08:48:34","guid":{"rendered":"http:\/\/shop.mittgard.de\/?post_type=product&#038;p=6648"},"modified":"2024-12-14T12:14:45","modified_gmt":"2024-12-14T11:14:45","slug":"glas-walzenperle-floral","status":"publish","type":"product","link":"https:\/\/shop.mittgard.de\/?product=glas-walzenperle-floral","title":{"rendered":"Glas, Walzenperle, floral"},"content":{"rendered":"<p>gro\u00dfe schwarze Walzenperle aus Glas mit floralem Muster<\/p>\n<p>Replik einer Murano-Glasperle, wie sie zwischen 1880-1930 f\u00fcr den Afrikahandel und den Handel mit den Indianern hergestellt wurden!<\/p>\n<p>2,7 &#8211; 3 cm lang<\/p>\n<p>Preis pro St\u00fcck<\/p>\n","protected":false},"excerpt":{"rendered":"<p>gro\u00dfe schwarze Walzenperle aus Glas mit floralem Muster Replik einer Murano-Glasperle, wie sie zwischen 1880-1930 f\u00fcr den Afrikahandel und den Handel mit den Indianern hergestellt wurden! 2,7 &#8211; 3 cm lang Preis pro St\u00fcck<\/p>\n","protected":false},"featured_media":24429,"template":"","meta":[],"product_brand":[],"product_cat":[486,455],"product_tag":[821,299,1593,534,822,86],"class_list":{"0":"post-6648","1":"product","2":"type-product","3":"status-publish","4":"has-post-thumbnail","6":"product_cat-perlen","7":"product_cat-schmuck","8":"product_tag-afrika","9":"product_tag-glas","10":"product_tag-hudson-bay","11":"product_tag-indianer","12":"product_tag-murano","13":"product_tag-schwarz","14":"product_shipping_class-brief","16":"first","17":"instock","18":"taxable","19":"shipping-taxable","20":"purchasable","21":"product-type-simple"},"_links":{"self":[{"href":"https:\/\/shop.mittgard.de\/index.php?rest_route=\/wp\/v2\/product\/6648","targetHints":{"allow":["GET"]}}],"collection":[{"href":"https:\/\/shop.mittgard.de\/index.php?rest_route=\/wp\/v2\/product"}],"about":[{"href":"https:\/\/shop.mittgard.de\/index.php?rest_route=\/wp\/v2\/types\/product"}],"wp:featuredmedia":[{"embeddable":true,"href":"https:\/\/shop.mittgard.de\/index.php?rest_route=\/wp\/v2\/media\/24429"}],"wp:attachment":[{"href":"https:\/\/shop.mittgard.de\/index.php?rest_route=%2Fwp%2Fv2%2Fmedia&parent=6648"}],"wp:term":[{"taxonomy":"product_brand","embeddable":true,"href":"https:\/\/shop.mittgard.de\/index.php?rest_route=%2Fwp%2Fv2%2Fproduct_brand&post=6648"},{"taxonomy":"product_cat","embeddable":true,"href":"https:\/\/shop.mittgard.de\/index.php?rest_route=%2Fwp%2Fv2%2Fproduct_cat&post=6648"},{"taxonomy":"product_tag","embeddable":true,"href":"https:\/\/shop.mittgard.de\/index.php?rest_route=%2Fwp%2Fv2%2Fproduct_tag&post=6648"}],"curies":[{"name":"wp","href":"https:\/\/api.w.org\/{rel}","templated":true}]}}