{"id":675,"date":"2018-03-07T00:39:59","date_gmt":"2018-03-06T23:39:59","guid":{"rendered":"http:\/\/shop.mittgard.de\/?product=import-placeholder-for-90"},"modified":"2026-03-25T14:18:46","modified_gmt":"2026-03-25T13:18:46","slug":"ingwer-50g","status":"publish","type":"product","link":"https:\/\/shop.mittgard.de\/?product=ingwer-50g","title":{"rendered":"Ingwer, Wurzel, gemahlen (50g)"},"content":{"rendered":"<p>Wurzel, gesch\u00e4lt, gemahlen<\/p>\n<p>prickelnd-scharf f\u00fcr Kuchen &amp; Geb\u00e4ck, Bier &amp; Limonaden, Obstsalat, Kompott &amp; Marmelade<\/p>\n<pre><span style=\"font-family: georgia, palatino, serif; font-size: 14pt;\"><strong>W\u00fcrzsalz der altr\u00f6mischen Kaiserzeit<\/strong>\r\n\r\n1 Pfund gew\u00f6hnliches Kochsalz\r\n2 Pfund Ammoniak - Salz\r\n3 Unzen wei\u00dfer Pfeffer\r\n3 Unzen Ingwerwurzel\r\n1\/2 Unze Thymian\r\n1\/2 Unze Selleriesamen\r\n3 Unzen Petersiliensamen\r\n3 Unzen Majoran\r\n1\/2 Unze Raukesamen\r\n3 Unzen schwarzer Pfeffer\r\n1 Unze Safran\r\n2 Unzen cretischer Ysop\r\n2 Unzen Nardenbl\u00e4tter\r\n2 Unzen Petersilienbl\u00e4tter\r\n2 Unzen Dill\r\n\r\nErgibt ein Mittel gegen viele Krankheiten.\r\nAnzuwenden gegen Verdauungsbeschwerden und Pestilenz und alle\r\nKrankheitsf\u00e4lle, den \"Bauch zu bewegen\" und kaltem Fieber \r\nvorzubeugen.\r\n\r\n1 Pfund = 500 Gramm\r\n1 Unze = 30 Gramm<\/span><\/pre>\n\r\n\t<a class=\"paoc-popup-click paoc-popup-cust-7158 paoc-popup-simple_link paoc-popup-link\" href=\"javascript:void(0);\">Geschichtliches samt Rezept<\/a>\r\n\r\n\n","protected":false},"excerpt":{"rendered":"<p>Wurzel, gesch\u00e4lt, gemahlen prickelnd-scharf f\u00fcr Kuchen &amp; Geb\u00e4ck, Bier &amp; Limonaden, Obstsalat, Kompott &amp; Marmelade W\u00fcrzsalz der altr\u00f6mischen Kaiserzeit 1 Pfund gew\u00f6hnliches Kochsalz 2 Pfund Ammoniak &#8211; Salz 3 Unzen wei\u00dfer Pfeffer 3 Unzen Ingwerwurzel 1\/2 Unze Thymian 1\/2 Unze Selleriesamen 3 Unzen Petersiliensamen 3 Unzen Majoran 1\/2 Unze Raukesamen 3 Unzen schwarzer Pfeffer 1 &hellip; <\/p>\n<p class=\"link-more\"><a href=\"https:\/\/shop.mittgard.de\/?product=ingwer-50g\" class=\"more-link\"><span class=\"screen-reader-text\">\u201eIngwer, Wurzel, gemahlen (50g)\u201c <\/span>weiterlesen<\/a><\/p>\n","protected":false},"featured_media":1213,"template":"","meta":[],"product_brand":[],"product_cat":[35,16],"product_tag":[853],"class_list":{"0":"post-675","1":"product","2":"type-product","3":"status-publish","4":"has-post-thumbnail","6":"product_cat-gewuerze","7":"product_cat-kraeuter","8":"product_tag-scharf","9":"product_shipping_class-paket","11":"first","12":"instock","13":"taxable","14":"shipping-taxable","15":"purchasable","16":"product-type-simple"},"_links":{"self":[{"href":"https:\/\/shop.mittgard.de\/index.php?rest_route=\/wp\/v2\/product\/675","targetHints":{"allow":["GET"]}}],"collection":[{"href":"https:\/\/shop.mittgard.de\/index.php?rest_route=\/wp\/v2\/product"}],"about":[{"href":"https:\/\/shop.mittgard.de\/index.php?rest_route=\/wp\/v2\/types\/product"}],"wp:featuredmedia":[{"embeddable":true,"href":"https:\/\/shop.mittgard.de\/index.php?rest_route=\/wp\/v2\/media\/1213"}],"wp:attachment":[{"href":"https:\/\/shop.mittgard.de\/index.php?rest_route=%2Fwp%2Fv2%2Fmedia&parent=675"}],"wp:term":[{"taxonomy":"product_brand","embeddable":true,"href":"https:\/\/shop.mittgard.de\/index.php?rest_route=%2Fwp%2Fv2%2Fproduct_brand&post=675"},{"taxonomy":"product_cat","embeddable":true,"href":"https:\/\/shop.mittgard.de\/index.php?rest_route=%2Fwp%2Fv2%2Fproduct_cat&post=675"},{"taxonomy":"product_tag","embeddable":true,"href":"https:\/\/shop.mittgard.de\/index.php?rest_route=%2Fwp%2Fv2%2Fproduct_tag&post=675"}],"curies":[{"name":"wp","href":"https:\/\/api.w.org\/{rel}","templated":true}]}}