{"id":7236,"date":"2019-02-25T15:22:11","date_gmt":"2019-02-25T14:22:11","guid":{"rendered":"http:\/\/shop.mittgard.de\/?post_type=product&#038;p=7236"},"modified":"2024-12-15T16:24:27","modified_gmt":"2024-12-15T15:24:27","slug":"trinkunas_-jonas-rasa","status":"publish","type":"product","link":"https:\/\/shop.mittgard.de\/?product=trinkunas_-jonas-rasa","title":{"rendered":"Trinkunas, Jonas &#8222;Rasa&#8220;"},"content":{"rendered":"<p>G\u00f6tter und Rituale des baltischen Heidentums<\/p>\n<p>Das Baltikum, und hier ganz besonders Litauen, wurde erst sp\u00e4t Opfer der Christianisierung.<\/p>\n<p>Aus diesem Grund haben sich die alten heidnischen Br\u00e4uche dort nicht nur am l\u00e4ngsten erhalten, sondern bis heute nichts von ihrer authentischen Kraft eingeb\u00fc\u00dft.<\/p>\n<p>Dieses Buch gew\u00e4hrt einen Einblick in die Naturreligion Litauens und Lettlands. Es beschreibt deren G\u00f6ttinnen und G\u00f6tter sowie die Feier- und Festtage im Jahreslauf.<\/p>\n<p>Der Herausgeber Jonas Trinkunas ist ein f\u00fchrender Vertreter der litauisch-heidnischen Bewegung Romuva.<\/p>\n<p>Ihm stehen hochkar\u00e4tige Autoren zur Seite, u.a. Marija Gimbutas und Vaira Vike-Freiberga.<\/p>\n<p>Ehemals 18 \u20ac, gibt es das Buch jetzt zum Sonderpreis von 4,95 \u20ac, solange Vorrat reicht!<\/p>\n<p>Broschiert, 192 Seiten<\/p>\n","protected":false},"excerpt":{"rendered":"<p>Br<\/p>\n","protected":false},"featured_media":7237,"template":"","meta":[],"product_brand":[],"product_cat":[193,185,219,56],"product_tag":[886,224,223,887,353],"class_list":{"0":"post-7236","1":"product","2":"type-product","3":"status-publish","4":"has-post-thumbnail","6":"product_cat-germanen","7":"product_cat-literatur","8":"product_cat-literatur-restekiste","9":"product_cat-restekiste","10":"product_tag-baltikum","11":"product_tag-heidentum","12":"product_tag-naturreligion","13":"product_tag-romuva","14":"product_tag-slawen","15":"product_shipping_class-paket","17":"first","18":"instock","19":"taxable","20":"shipping-taxable","21":"purchasable","22":"product-type-simple"},"_links":{"self":[{"href":"https:\/\/shop.mittgard.de\/index.php?rest_route=\/wp\/v2\/product\/7236","targetHints":{"allow":["GET"]}}],"collection":[{"href":"https:\/\/shop.mittgard.de\/index.php?rest_route=\/wp\/v2\/product"}],"about":[{"href":"https:\/\/shop.mittgard.de\/index.php?rest_route=\/wp\/v2\/types\/product"}],"wp:featuredmedia":[{"embeddable":true,"href":"https:\/\/shop.mittgard.de\/index.php?rest_route=\/wp\/v2\/media\/7237"}],"wp:attachment":[{"href":"https:\/\/shop.mittgard.de\/index.php?rest_route=%2Fwp%2Fv2%2Fmedia&parent=7236"}],"wp:term":[{"taxonomy":"product_brand","embeddable":true,"href":"https:\/\/shop.mittgard.de\/index.php?rest_route=%2Fwp%2Fv2%2Fproduct_brand&post=7236"},{"taxonomy":"product_cat","embeddable":true,"href":"https:\/\/shop.mittgard.de\/index.php?rest_route=%2Fwp%2Fv2%2Fproduct_cat&post=7236"},{"taxonomy":"product_tag","embeddable":true,"href":"https:\/\/shop.mittgard.de\/index.php?rest_route=%2Fwp%2Fv2%2Fproduct_tag&post=7236"}],"curies":[{"name":"wp","href":"https:\/\/api.w.org\/{rel}","templated":true}]}}