{"id":7399,"date":"2019-03-17T16:50:57","date_gmt":"2019-03-17T15:50:57","guid":{"rendered":"http:\/\/shop.mittgard.de\/?post_type=product&#038;p=7399"},"modified":"2026-01-29T09:39:56","modified_gmt":"2026-01-29T08:39:56","slug":"distelfibel-bronze","status":"publish","type":"product","link":"https:\/\/shop.mittgard.de\/?product=distelfibel-bronze","title":{"rendered":"Distelfibel Bronze"},"content":{"rendered":"<p>Ringfibel keltisch-irischen Ursprungs gelangte zu Wikingerzeiten zu gro\u00dfer Beliebtheit<\/p>\n<p>zum Zusammenhalten von Umh\u00e4ngen &amp; M\u00e4nteln<\/p>\n<p>Gr\u00f6\u00dfe ca. 5,5 cm, Schmuckbronze<\/p>\n","protected":false},"excerpt":{"rendered":"<p>Ringfibel keltisch-irischen Ursprungs gelangte zu Wikingerzeiten zu gro\u00dfer Beliebtheit zum Zusammenhalten von Umh\u00e4ngen &amp; M\u00e4nteln Gr\u00f6\u00dfe ca. 5,5 cm, Schmuckbronze<\/p>\n","protected":false},"featured_media":7400,"template":"","meta":[],"product_brand":[],"product_cat":[483,455],"product_tag":[472,899,898,897],"class_list":{"0":"post-7399","1":"product","2":"type-product","3":"status-publish","4":"has-post-thumbnail","6":"product_cat-fibeln-keltischer-schmuck","7":"product_cat-schmuck","8":"product_tag-bronze","9":"product_tag-distel","10":"product_tag-irisch","11":"product_tag-keltisch","12":"product_shipping_class-brief","14":"first","15":"onbackorder","16":"taxable","17":"shipping-taxable","18":"purchasable","19":"product-type-simple"},"_links":{"self":[{"href":"https:\/\/shop.mittgard.de\/index.php?rest_route=\/wp\/v2\/product\/7399","targetHints":{"allow":["GET"]}}],"collection":[{"href":"https:\/\/shop.mittgard.de\/index.php?rest_route=\/wp\/v2\/product"}],"about":[{"href":"https:\/\/shop.mittgard.de\/index.php?rest_route=\/wp\/v2\/types\/product"}],"wp:featuredmedia":[{"embeddable":true,"href":"https:\/\/shop.mittgard.de\/index.php?rest_route=\/wp\/v2\/media\/7400"}],"wp:attachment":[{"href":"https:\/\/shop.mittgard.de\/index.php?rest_route=%2Fwp%2Fv2%2Fmedia&parent=7399"}],"wp:term":[{"taxonomy":"product_brand","embeddable":true,"href":"https:\/\/shop.mittgard.de\/index.php?rest_route=%2Fwp%2Fv2%2Fproduct_brand&post=7399"},{"taxonomy":"product_cat","embeddable":true,"href":"https:\/\/shop.mittgard.de\/index.php?rest_route=%2Fwp%2Fv2%2Fproduct_cat&post=7399"},{"taxonomy":"product_tag","embeddable":true,"href":"https:\/\/shop.mittgard.de\/index.php?rest_route=%2Fwp%2Fv2%2Fproduct_tag&post=7399"}],"curies":[{"name":"wp","href":"https:\/\/api.w.org\/{rel}","templated":true}]}}