{"id":7844,"date":"2019-06-07T16:46:08","date_gmt":"2019-06-07T14:46:08","guid":{"rendered":"http:\/\/shop.mittgard.de\/?post_type=product&#038;p=7844"},"modified":"2025-06-23T10:24:16","modified_gmt":"2025-06-23T08:24:16","slug":"behan-naturfarben","status":"publish","type":"product","link":"https:\/\/shop.mittgard.de\/?product=behan-naturfarben","title":{"rendered":"Behan &#8222;Naturfarben&#8220;"},"content":{"rendered":"<p>F\u00e4rbemittel, Techniken, Projekte<\/p>\n<p>F\u00e4rben mit Pflanzen und nat\u00fcrlichen Rohstoffen ergibt wunderbar sanfte Naturt\u00f6ne mit lebendigen Schattierungen. Mit detaillierter Anleitung, Portraits der F\u00e4rbepflanzen, verschiedenen F\u00e4rbetechniken und Ideen f\u00fcr zeitlos sch\u00f6ne Dinge aus selbst gef\u00e4rbten Stoffen.<\/p>\n<p>Broschiert, 190 Seiten<\/p>\n","protected":false},"excerpt":{"rendered":"<p>Br<\/p>\n","protected":false},"featured_media":7845,"template":"","meta":[],"product_brand":[],"product_cat":[188,185],"product_tag":[271,934,233,935],"class_list":{"0":"post-7844","1":"product","2":"type-product","3":"status-publish","4":"has-post-thumbnail","6":"product_cat-altes-handwerk","7":"product_cat-literatur","8":"product_tag-faerben","9":"product_tag-faerbepflanzen","10":"product_tag-handwerk","11":"product_tag-stoffe","12":"product_shipping_class-paket","14":"first","15":"onbackorder","16":"taxable","17":"shipping-taxable","18":"purchasable","19":"product-type-simple"},"_links":{"self":[{"href":"https:\/\/shop.mittgard.de\/index.php?rest_route=\/wp\/v2\/product\/7844","targetHints":{"allow":["GET"]}}],"collection":[{"href":"https:\/\/shop.mittgard.de\/index.php?rest_route=\/wp\/v2\/product"}],"about":[{"href":"https:\/\/shop.mittgard.de\/index.php?rest_route=\/wp\/v2\/types\/product"}],"wp:featuredmedia":[{"embeddable":true,"href":"https:\/\/shop.mittgard.de\/index.php?rest_route=\/wp\/v2\/media\/7845"}],"wp:attachment":[{"href":"https:\/\/shop.mittgard.de\/index.php?rest_route=%2Fwp%2Fv2%2Fmedia&parent=7844"}],"wp:term":[{"taxonomy":"product_brand","embeddable":true,"href":"https:\/\/shop.mittgard.de\/index.php?rest_route=%2Fwp%2Fv2%2Fproduct_brand&post=7844"},{"taxonomy":"product_cat","embeddable":true,"href":"https:\/\/shop.mittgard.de\/index.php?rest_route=%2Fwp%2Fv2%2Fproduct_cat&post=7844"},{"taxonomy":"product_tag","embeddable":true,"href":"https:\/\/shop.mittgard.de\/index.php?rest_route=%2Fwp%2Fv2%2Fproduct_tag&post=7844"}],"curies":[{"name":"wp","href":"https:\/\/api.w.org\/{rel}","templated":true}]}}