{"id":7940,"date":"2019-07-03T16:42:39","date_gmt":"2019-07-03T14:42:39","guid":{"rendered":"http:\/\/shop.mittgard.de\/?post_type=product&#038;p=7940"},"modified":"2026-01-29T09:45:04","modified_gmt":"2026-01-29T08:45:04","slug":"ringfibel-klein-bronze","status":"publish","type":"product","link":"https:\/\/shop.mittgard.de\/?product=ringfibel-klein-bronze","title":{"rendered":"Ringfibel, klein Bronze"},"content":{"rendered":"<p>einfache kleine Ringfibel aus Bronze<\/p>\n<p>\u2205 2,2 cm<\/p>\n<p>zum Verschlie\u00dfen von leichten T\u00fcchern, an M\u00fctzen oder Beinwickeln<\/p>\n","protected":false},"excerpt":{"rendered":"<p>einfache kleine Ringfibel aus Bronze \u2205 2,2 cm zum Verschlie\u00dfen von leichten T\u00fcchern, an M\u00fctzen oder Beinwickeln<\/p>\n","protected":false},"featured_media":7941,"template":"","meta":[],"product_brand":[],"product_cat":[475,456,455],"product_tag":[472,889,916],"class_list":{"0":"post-7940","1":"product","2":"type-product","3":"status-publish","4":"has-post-thumbnail","6":"product_cat-fibeln","7":"product_cat-germanen-wikinger","8":"product_cat-schmuck","9":"product_tag-bronze","10":"product_tag-ringfibel","11":"product_tag-wadenwickel","12":"product_shipping_class-brief","14":"first","15":"onbackorder","16":"taxable","17":"shipping-taxable","18":"purchasable","19":"product-type-simple"},"_links":{"self":[{"href":"https:\/\/shop.mittgard.de\/index.php?rest_route=\/wp\/v2\/product\/7940","targetHints":{"allow":["GET"]}}],"collection":[{"href":"https:\/\/shop.mittgard.de\/index.php?rest_route=\/wp\/v2\/product"}],"about":[{"href":"https:\/\/shop.mittgard.de\/index.php?rest_route=\/wp\/v2\/types\/product"}],"wp:featuredmedia":[{"embeddable":true,"href":"https:\/\/shop.mittgard.de\/index.php?rest_route=\/wp\/v2\/media\/7941"}],"wp:attachment":[{"href":"https:\/\/shop.mittgard.de\/index.php?rest_route=%2Fwp%2Fv2%2Fmedia&parent=7940"}],"wp:term":[{"taxonomy":"product_brand","embeddable":true,"href":"https:\/\/shop.mittgard.de\/index.php?rest_route=%2Fwp%2Fv2%2Fproduct_brand&post=7940"},{"taxonomy":"product_cat","embeddable":true,"href":"https:\/\/shop.mittgard.de\/index.php?rest_route=%2Fwp%2Fv2%2Fproduct_cat&post=7940"},{"taxonomy":"product_tag","embeddable":true,"href":"https:\/\/shop.mittgard.de\/index.php?rest_route=%2Fwp%2Fv2%2Fproduct_tag&post=7940"}],"curies":[{"name":"wp","href":"https:\/\/api.w.org\/{rel}","templated":true}]}}