{"id":833,"date":"2018-03-07T00:40:39","date_gmt":"2018-03-06T23:40:39","guid":{"rendered":"http:\/\/shop.mittgard.de\/?product=import-placeholder-for-248"},"modified":"2026-03-25T12:54:16","modified_gmt":"2026-03-25T11:54:16","slug":"maedesuess-100g-2","status":"publish","type":"product","link":"https:\/\/shop.mittgard.de\/?product=maedesuess-100g-2","title":{"rendered":"M\u00e4des\u00fc\u00df, Bl\u00fcten, gerebelt (100g)"},"content":{"rendered":"<p>Bl\u00fcten, gerebelt<\/p>\n<p>f\u00e4rbt Rotgelb<\/p>\n<blockquote>\n<p class=\"western\" align=\"center\">F\u00e4rben mit M\u00e4des\u00fcss \u2013 helles Rotgelb<\/p>\n<p class=\"western\">Beize: 20 g Alaun<\/p>\n<p class=\"western\">F\u00e4rben: 200 g getrocknetes oder 500 g frisches M\u00e4des\u00fc\u00dfkraut werden \u00fcber Nacht eingeweicht, eine Stunde lang ausgekocht und durch ein Tuch filtriert. Die auf 5 l aufgef\u00fcllte Farbflotte wird auf 30\u00b0C erw\u00e4rmt, das F\u00e4rbegut wird eingelegt und je nach Material auf 100\u00b0C oder 70\u00b0C erhitzt. Die F\u00e4rbezeit betr\u00e4gt eine Stunde.<\/p>\n<\/blockquote>\n","protected":false},"excerpt":{"rendered":"<p>Bl\u00fcten, gerebelt f\u00e4rbt Rotgelb F\u00e4rben mit M\u00e4des\u00fcss \u2013 helles Rotgelb Beize: 20 g Alaun F\u00e4rben: 200 g getrocknetes oder 500 g frisches M\u00e4des\u00fc\u00dfkraut werden \u00fcber Nacht eingeweicht, eine Stunde lang ausgekocht und durch ein Tuch filtriert. Die auf 5 l aufgef\u00fcllte Farbflotte wird auf 30\u00b0C erw\u00e4rmt, das F\u00e4rbegut wird eingelegt und je nach Material auf &hellip; <\/p>\n<p class=\"link-more\"><a href=\"https:\/\/shop.mittgard.de\/?product=maedesuess-100g-2\" class=\"more-link\"><span class=\"screen-reader-text\">\u201eM\u00e4des\u00fc\u00df, Bl\u00fcten, gerebelt (100g)\u201c <\/span>weiterlesen<\/a><\/p>\n","protected":false},"featured_media":1089,"template":"","meta":[],"product_brand":[],"product_cat":[38,16],"product_tag":[90,96],"class_list":{"0":"post-833","1":"product","2":"type-product","3":"status-publish","4":"has-post-thumbnail","6":"product_cat-faerbekraeuter","7":"product_cat-kraeuter","8":"product_tag-gelb","9":"product_tag-rot","10":"product_shipping_class-paket","12":"first","13":"instock","14":"taxable","15":"shipping-taxable","16":"purchasable","17":"product-type-simple"},"_links":{"self":[{"href":"https:\/\/shop.mittgard.de\/index.php?rest_route=\/wp\/v2\/product\/833","targetHints":{"allow":["GET"]}}],"collection":[{"href":"https:\/\/shop.mittgard.de\/index.php?rest_route=\/wp\/v2\/product"}],"about":[{"href":"https:\/\/shop.mittgard.de\/index.php?rest_route=\/wp\/v2\/types\/product"}],"wp:featuredmedia":[{"embeddable":true,"href":"https:\/\/shop.mittgard.de\/index.php?rest_route=\/wp\/v2\/media\/1089"}],"wp:attachment":[{"href":"https:\/\/shop.mittgard.de\/index.php?rest_route=%2Fwp%2Fv2%2Fmedia&parent=833"}],"wp:term":[{"taxonomy":"product_brand","embeddable":true,"href":"https:\/\/shop.mittgard.de\/index.php?rest_route=%2Fwp%2Fv2%2Fproduct_brand&post=833"},{"taxonomy":"product_cat","embeddable":true,"href":"https:\/\/shop.mittgard.de\/index.php?rest_route=%2Fwp%2Fv2%2Fproduct_cat&post=833"},{"taxonomy":"product_tag","embeddable":true,"href":"https:\/\/shop.mittgard.de\/index.php?rest_route=%2Fwp%2Fv2%2Fproduct_tag&post=833"}],"curies":[{"name":"wp","href":"https:\/\/api.w.org\/{rel}","templated":true}]}}