{"id":8612,"date":"2019-11-06T16:17:39","date_gmt":"2019-11-06T15:17:39","guid":{"rendered":"http:\/\/shop.mittgard.de\/?post_type=product&#038;p=8612"},"modified":"2024-12-16T13:14:03","modified_gmt":"2024-12-16T12:14:03","slug":"gutjahr-axel-woelfe","status":"publish","type":"product","link":"https:\/\/shop.mittgard.de\/?product=gutjahr-axel-woelfe","title":{"rendered":"Gutjahr, Axel &#8222;W\u00f6lfe&#8220;"},"content":{"rendered":"<p>Unsere wilden Nachbarn<\/p>\n<p>W\u00f6lfe sind die Urahnen aller Hunderassen und genie\u00dfen als ihre ungez\u00e4hmten Verwandten einen schillernden Ruf. Axel Gutjahr zeichnet ein Portr\u00e4t dieses so namhaften wie bedrohten Rudeltiers. Er erz\u00e4hlt von seiner Herkunft und Entwicklung, beschreibt Jagdtrieb und Sozialverhalten, schildert das Verh\u00e4ltnis des Wolfs zum Menschen sowie seine Rolle in Mythologie und M\u00e4rchen. Dieses Buch bietet tiefe Einblicke in die Lebenswelt der fremd-vertrauten Vierbeiner.<\/p>\n<p>Softcover, 128 Seiten<\/p>\n","protected":false},"excerpt":{"rendered":"<p>SC<\/p>\n","protected":false},"featured_media":8613,"template":"","meta":[],"product_brand":[],"product_cat":[185,211],"product_tag":[243,442],"class_list":{"0":"post-8612","1":"product","2":"type-product","3":"status-publish","4":"has-post-thumbnail","6":"product_cat-literatur","7":"product_cat-sachbuch-lexika","8":"product_tag-natur","9":"product_tag-wolf","10":"product_shipping_class-paket","12":"first","13":"instock","14":"taxable","15":"shipping-taxable","16":"purchasable","17":"product-type-simple"},"_links":{"self":[{"href":"https:\/\/shop.mittgard.de\/index.php?rest_route=\/wp\/v2\/product\/8612","targetHints":{"allow":["GET"]}}],"collection":[{"href":"https:\/\/shop.mittgard.de\/index.php?rest_route=\/wp\/v2\/product"}],"about":[{"href":"https:\/\/shop.mittgard.de\/index.php?rest_route=\/wp\/v2\/types\/product"}],"wp:featuredmedia":[{"embeddable":true,"href":"https:\/\/shop.mittgard.de\/index.php?rest_route=\/wp\/v2\/media\/8613"}],"wp:attachment":[{"href":"https:\/\/shop.mittgard.de\/index.php?rest_route=%2Fwp%2Fv2%2Fmedia&parent=8612"}],"wp:term":[{"taxonomy":"product_brand","embeddable":true,"href":"https:\/\/shop.mittgard.de\/index.php?rest_route=%2Fwp%2Fv2%2Fproduct_brand&post=8612"},{"taxonomy":"product_cat","embeddable":true,"href":"https:\/\/shop.mittgard.de\/index.php?rest_route=%2Fwp%2Fv2%2Fproduct_cat&post=8612"},{"taxonomy":"product_tag","embeddable":true,"href":"https:\/\/shop.mittgard.de\/index.php?rest_route=%2Fwp%2Fv2%2Fproduct_tag&post=8612"}],"curies":[{"name":"wp","href":"https:\/\/api.w.org\/{rel}","templated":true}]}}