{"id":8717,"date":"2019-11-25T17:23:43","date_gmt":"2019-11-25T16:23:43","guid":{"rendered":"http:\/\/shop.mittgard.de\/?post_type=product&#038;p=8717"},"modified":"2024-12-16T12:55:23","modified_gmt":"2024-12-16T11:55:23","slug":"kunstpostkarten-set-monet","status":"publish","type":"product","link":"https:\/\/shop.mittgard.de\/?product=kunstpostkarten-set-monet","title":{"rendered":"Kunstpostkarten-Set &#8222;Monet&#8220;"},"content":{"rendered":"<p>20 Kunstpostkarten des ber\u00fchmten franz\u00f6sischen K\u00fcnstlers<\/p>\n<p>10 x 15 cm<\/p>\n","protected":false},"excerpt":{"rendered":"<p>20 Kunstpostkarten des ber\u00fchmten franz\u00f6sischen K\u00fcnstlers 10 x 15 cm<\/p>\n","protected":false},"featured_media":8718,"template":"","meta":[],"product_brand":[],"product_cat":[185,974],"product_tag":[341,975,978],"class_list":{"0":"post-8717","1":"product","2":"type-product","3":"status-publish","4":"has-post-thumbnail","6":"product_cat-literatur","7":"product_cat-karten","8":"product_tag-frankreich","9":"product_tag-kunst","10":"product_tag-postkarte","11":"product_shipping_class-brief","13":"first","14":"instock","15":"taxable","16":"shipping-taxable","17":"purchasable","18":"product-type-simple"},"_links":{"self":[{"href":"https:\/\/shop.mittgard.de\/index.php?rest_route=\/wp\/v2\/product\/8717","targetHints":{"allow":["GET"]}}],"collection":[{"href":"https:\/\/shop.mittgard.de\/index.php?rest_route=\/wp\/v2\/product"}],"about":[{"href":"https:\/\/shop.mittgard.de\/index.php?rest_route=\/wp\/v2\/types\/product"}],"wp:featuredmedia":[{"embeddable":true,"href":"https:\/\/shop.mittgard.de\/index.php?rest_route=\/wp\/v2\/media\/8718"}],"wp:attachment":[{"href":"https:\/\/shop.mittgard.de\/index.php?rest_route=%2Fwp%2Fv2%2Fmedia&parent=8717"}],"wp:term":[{"taxonomy":"product_brand","embeddable":true,"href":"https:\/\/shop.mittgard.de\/index.php?rest_route=%2Fwp%2Fv2%2Fproduct_brand&post=8717"},{"taxonomy":"product_cat","embeddable":true,"href":"https:\/\/shop.mittgard.de\/index.php?rest_route=%2Fwp%2Fv2%2Fproduct_cat&post=8717"},{"taxonomy":"product_tag","embeddable":true,"href":"https:\/\/shop.mittgard.de\/index.php?rest_route=%2Fwp%2Fv2%2Fproduct_tag&post=8717"}],"curies":[{"name":"wp","href":"https:\/\/api.w.org\/{rel}","templated":true}]}}