{"id":8884,"date":"2019-12-10T13:01:01","date_gmt":"2019-12-10T12:01:01","guid":{"rendered":"http:\/\/shop.mittgard.de\/?post_type=product&#038;p=8884"},"modified":"2024-12-13T14:01:16","modified_gmt":"2024-12-13T13:01:16","slug":"wikingerring-gotland2-klein-bronze","status":"publish","type":"product","link":"https:\/\/shop.mittgard.de\/?product=wikingerring-gotland2-klein-bronze","title":{"rendered":"Wikingerring &#8222;Gotland&#8220;2 klein Bronze"},"content":{"rendered":"<p>nach einem Originalfund von Gotland\/Schweden<\/p>\n<p>Damengr\u00f6\u00dfe, verstellbar in den Gr\u00f6\u00dfen 52 &#8211; 60, Schmuckbronze<\/p>\n","protected":false},"excerpt":{"rendered":"<p>nach einem Originalfund von Gotland\/Schweden Damengr\u00f6\u00dfe, verstellbar in den Gr\u00f6\u00dfen 52 &#8211; 60, Schmuckbronze<\/p>\n","protected":false},"featured_media":8882,"template":"","meta":[],"product_brand":[],"product_cat":[470,455],"product_tag":[472,772,988,394,311],"class_list":{"0":"post-8884","1":"product","2":"type-product","3":"status-publish","4":"has-post-thumbnail","6":"product_cat-ohr-fingerringe","7":"product_cat-schmuck","8":"product_tag-bronze","9":"product_tag-gotland","10":"product_tag-punzierung","11":"product_tag-schweden","12":"product_tag-wikinger","13":"product_shipping_class-brief","15":"first","16":"onbackorder","17":"taxable","18":"shipping-taxable","19":"purchasable","20":"product-type-simple"},"_links":{"self":[{"href":"https:\/\/shop.mittgard.de\/index.php?rest_route=\/wp\/v2\/product\/8884","targetHints":{"allow":["GET"]}}],"collection":[{"href":"https:\/\/shop.mittgard.de\/index.php?rest_route=\/wp\/v2\/product"}],"about":[{"href":"https:\/\/shop.mittgard.de\/index.php?rest_route=\/wp\/v2\/types\/product"}],"wp:featuredmedia":[{"embeddable":true,"href":"https:\/\/shop.mittgard.de\/index.php?rest_route=\/wp\/v2\/media\/8882"}],"wp:attachment":[{"href":"https:\/\/shop.mittgard.de\/index.php?rest_route=%2Fwp%2Fv2%2Fmedia&parent=8884"}],"wp:term":[{"taxonomy":"product_brand","embeddable":true,"href":"https:\/\/shop.mittgard.de\/index.php?rest_route=%2Fwp%2Fv2%2Fproduct_brand&post=8884"},{"taxonomy":"product_cat","embeddable":true,"href":"https:\/\/shop.mittgard.de\/index.php?rest_route=%2Fwp%2Fv2%2Fproduct_cat&post=8884"},{"taxonomy":"product_tag","embeddable":true,"href":"https:\/\/shop.mittgard.de\/index.php?rest_route=%2Fwp%2Fv2%2Fproduct_tag&post=8884"}],"curies":[{"name":"wp","href":"https:\/\/api.w.org\/{rel}","templated":true}]}}