{"id":9942,"date":"2021-02-07T14:49:15","date_gmt":"2021-02-07T13:49:15","guid":{"rendered":"https:\/\/shop.mittgard.de\/?post_type=product&#038;p=9942"},"modified":"2026-01-29T09:38:17","modified_gmt":"2026-01-29T08:38:17","slug":"scheibenfibel-2-bronze","status":"publish","type":"product","link":"https:\/\/shop.mittgard.de\/?product=scheibenfibel-2-bronze","title":{"rendered":"Scheibenfibel 2 Bronze"},"content":{"rendered":"<p>aus der Wikingerzeit mit feuerspeiendem Drachen im Osebergstil<\/p>\n<p>Scheibenfibeln wurde haupts\u00e4chlich f\u00fcr Wikingersch\u00fcrzen genutzt und sind daher auf der R\u00fcckseite mit einer \u00d6se zum Einh\u00e4ngen von Wikingerketten u.a. versehen<\/p>\n<p>\u00d8 ca. 5 cm Schmuckbronze<\/p>\n","protected":false},"excerpt":{"rendered":"<p>aus der Wikingerzeit mit feuerspeiendem Drachen im Osebergstil Scheibenfibeln wurde haupts\u00e4chlich f\u00fcr Wikingersch\u00fcrzen genutzt und sind daher auf der R\u00fcckseite mit einer \u00d6se zum Einh\u00e4ngen von Wikingerketten u.a. versehen \u00d8 ca. 5 cm Schmuckbronze<\/p>\n","protected":false},"featured_media":9943,"template":"","meta":[],"product_brand":[],"product_cat":[475,455],"product_tag":[472,306,611],"class_list":{"0":"post-9942","1":"product","2":"type-product","3":"status-publish","4":"has-post-thumbnail","6":"product_cat-fibeln","7":"product_cat-schmuck","8":"product_tag-bronze","9":"product_tag-drachen","10":"product_tag-gewandschliesse","11":"product_shipping_class-brief","13":"first","14":"onbackorder","15":"taxable","16":"shipping-taxable","17":"purchasable","18":"product-type-simple"},"_links":{"self":[{"href":"https:\/\/shop.mittgard.de\/index.php?rest_route=\/wp\/v2\/product\/9942","targetHints":{"allow":["GET"]}}],"collection":[{"href":"https:\/\/shop.mittgard.de\/index.php?rest_route=\/wp\/v2\/product"}],"about":[{"href":"https:\/\/shop.mittgard.de\/index.php?rest_route=\/wp\/v2\/types\/product"}],"wp:featuredmedia":[{"embeddable":true,"href":"https:\/\/shop.mittgard.de\/index.php?rest_route=\/wp\/v2\/media\/9943"}],"wp:attachment":[{"href":"https:\/\/shop.mittgard.de\/index.php?rest_route=%2Fwp%2Fv2%2Fmedia&parent=9942"}],"wp:term":[{"taxonomy":"product_brand","embeddable":true,"href":"https:\/\/shop.mittgard.de\/index.php?rest_route=%2Fwp%2Fv2%2Fproduct_brand&post=9942"},{"taxonomy":"product_cat","embeddable":true,"href":"https:\/\/shop.mittgard.de\/index.php?rest_route=%2Fwp%2Fv2%2Fproduct_cat&post=9942"},{"taxonomy":"product_tag","embeddable":true,"href":"https:\/\/shop.mittgard.de\/index.php?rest_route=%2Fwp%2Fv2%2Fproduct_tag&post=9942"}],"curies":[{"name":"wp","href":"https:\/\/api.w.org\/{rel}","templated":true}]}}